{"id":6835,"date":"2014-01-08T14:45:02","date_gmt":"2014-01-08T14:45:02","guid":{"rendered":"http:\/\/chimpgroup.com\/wp-demo\/aidreform\/?page_id=6835"},"modified":"2016-12-21T15:50:53","modified_gmt":"2016-12-21T15:50:53","slug":"about-us","status":"publish","type":"page","link":"http:\/\/iai.pt\/web\/about-us","title":{"rendered":"Apresenta\u00e7\u00e3o"},"content":{"rendered":"<p>[et_pb_section admin_label=&#8221;section&#8221;][et_pb_row admin_label=&#8221;row&#8221;][et_pb_column type=&#8221;4_4&#8243;][et_pb_text admin_label=&#8221;Texto&#8221; background_layout=&#8221;light&#8221; text_orientation=&#8221;left&#8221; use_border_color=&#8221;off&#8221; border_color=&#8221;#ffffff&#8221; border_style=&#8221;solid&#8221;]<\/p>\n<h2>Instituto das Artes e da Imagem<\/h2>\n<p>O Instituto das Artes e da Imagem, criado em 1994, \u00e9 o resultado de uma eficaz e s\u00f3lida experi\u00eancia profissional dos seus fundadores que, procurando a excel\u00eancia, preconizam, mais do que o ensino das Artes, o ensino pela Arte, promovendo um modelo educativo integrado nos princ\u00edpios do saber-pensar, saber-fazer e saber-ser que, tentando responder \u00e0s necessidades resultantes da realidade social, contribui para o desenvolvimento pleno e harmonioso da personalidade dos indiv\u00edduos, incentivando a forma\u00e7\u00e3o de cidad\u00e3os livres, respons\u00e1veis, aut\u00f3nomos, solid\u00e1rios e valorizando a dimens\u00e3o humana.<\/p>\n<p>A autoriza\u00e7\u00e3o definitiva de funcionamento concedida pelo Minist\u00e9rio da Educa\u00e7\u00e3o, e a homologa\u00e7\u00e3o dos cursos, aprovada pela portaria n\u00ba199\/96, proporcionaram que, a partir do ano letivo 1995\/1996, se iniciassem os cursos de Conserva\u00e7\u00e3o e Restauro, Design de Equipamentos e Produtos e, posteriormente, os cursos de Desenhador de Arquitetura e Imagem Interativa.<\/p>\n<h4 style=\"text-align: center;\">No ano letivo de 2004\/2005 com o inicio da concretiza\u00e7\u00e3o da reforma educativa do ensino secund\u00e1rio s\u00e3o aprovados novos planos de estudo dos cursos art\u00edsticos especializados de Conserva\u00e7\u00e3o e Restauro do Patrim\u00f3nio, Desenho de Arquitetura e Imagem Interativa (portaria 836\/04, revogada pela portaria 42\/14).<\/h4>\n<p>Estes cursos conferem um diploma de conclus\u00e3o do Ensino Secund\u00e1rio, possibilitando a candidatura ao Ensino Superior e tamb\u00e9m Certifica\u00e7\u00e3o profissional, conferindo o n\u00edvel 4 de qualifica\u00e7\u00e3o do Quadro Nacional de Qualifica\u00e7\u00f5es.<\/p>\n<p>&nbsp;<\/p>\n<p>[\/et_pb_text][\/et_pb_column][\/et_pb_row][\/et_pb_section][et_pb_section admin_label=&#8221;Se\u00e7\u00e3o&#8221; fullwidth=&#8221;on&#8221; specialty=&#8221;off&#8221; transparent_background=&#8221;off&#8221; background_color=&#8221;#1e73be&#8221; allow_player_pause=&#8221;off&#8221; inner_shadow=&#8221;off&#8221; parallax=&#8221;off&#8221; parallax_method=&#8221;off&#8221; padding_mobile=&#8221;off&#8221; make_fullwidth=&#8221;off&#8221; use_custom_width=&#8221;off&#8221; width_unit=&#8221;on&#8221; make_equal=&#8221;off&#8221; use_custom_gutter=&#8221;off&#8221;][et_pb_fullwidth_header admin_label=&#8221;Cabe\u00e7alho de Largura Completa&#8221; title=&#8221;O Instituto \u00e9 o \u00fanico estabelecimento de Ensino Art\u00edstico Especializado no dom\u00ednio das Artes Visuais pertencente \u00e0 rede de Escolas Secund\u00e1rias do Ensino P\u00fablico Privado. Em conjunto com as duas Escolas P\u00fablicas Estatais (uma no Porto e outra em Lisboa) constituem toda a oferta formativa nacional.&#8221; background_layout=&#8221;dark&#8221; text_orientation=&#8221;center&#8221; header_fullscreen=&#8221;off&#8221; header_scroll_down=&#8221;off&#8221; parallax=&#8221;off&#8221; parallax_method=&#8221;off&#8221; content_orientation=&#8221;center&#8221; image_orientation=&#8221;center&#8221; custom_button_one=&#8221;off&#8221; button_one_letter_spacing=&#8221;0&#8243; button_one_use_icon=&#8221;default&#8221; button_one_icon_placement=&#8221;right&#8221; button_one_on_hover=&#8221;on&#8221; button_one_letter_spacing_hover=&#8221;0&#8243; custom_button_two=&#8221;off&#8221; button_two_letter_spacing=&#8221;0&#8243; button_two_use_icon=&#8221;default&#8221; button_two_icon_placement=&#8221;right&#8221; button_two_on_hover=&#8221;on&#8221; button_two_letter_spacing_hover=&#8221;0&#8243;] [\/et_pb_fullwidth_header][\/et_pb_section][et_pb_section admin_label=&#8221;Se\u00e7\u00e3o&#8221; fullwidth=&#8221;off&#8221; specialty=&#8221;off&#8221;][et_pb_row admin_label=&#8221;Linha&#8221;][et_pb_column type=&#8221;2_3&#8243;][et_pb_text admin_label=&#8221;Texto&#8221; background_layout=&#8221;light&#8221; text_orientation=&#8221;left&#8221; use_border_color=&#8221;off&#8221; border_color=&#8221;#ffffff&#8221; border_style=&#8221;solid&#8221;]<\/p>\n<p>Mudou no dia 3 de janeiro de 2011, para as novas instala\u00e7\u00f5es, na Travessa General Torres, 20, em Vila Nova de Gaia.<\/p>\n<p>No edif\u00edcio est\u00e3o instaladas v\u00e1rias salas de aulas te\u00f3ricas, uma oficina de restauro, um laborat\u00f3rio de fotografia, um est\u00fadio de fotografia, uma sala de v\u00eddeo, uma sala de multim\u00e9dia, um laborat\u00f3rio de qu\u00edmica, uma biblioteca, uma sala de estudo com acesso \u00e0 Internet de banda larga, um audit\u00f3rio, uma sala de conv\u00edvio, uma secretaria, uma sala de proje\u00e7\u00e3o multim\u00e9dia e diversos gabinetes.<\/p>\n<p>[\/et_pb_text][\/et_pb_column][et_pb_column type=&#8221;1_3&#8243;][et_pb_image admin_label=&#8221;Imagem&#8221; show_in_lightbox=&#8221;off&#8221; url_new_window=&#8221;off&#8221; use_overlay=&#8221;off&#8221; animation=&#8221;left&#8221; sticky=&#8221;off&#8221; align=&#8221;left&#8221; force_fullwidth=&#8221;off&#8221; always_center_on_mobile=&#8221;on&#8221; use_border_color=&#8221;off&#8221; border_color=&#8221;#ffffff&#8221; border_style=&#8221;solid&#8221; src=&#8221;http:\/\/iai.pt\/web\/wp-content\/uploads\/2014\/01\/entrada_iai.jpg&#8221;] [\/et_pb_image][\/et_pb_column][\/et_pb_row][\/et_pb_section]<\/p>\n","protected":false},"excerpt":{"rendered":"<p>Instituto das Artes e da Imagem O Instituto das Artes e da Imagem, criado em 1994, \u00e9 o resultado de uma eficaz e s\u00f3lida experi\u00eancia profissional dos seus fundadores que, procurando a excel\u00eancia, preconizam, mais do que o ensino das Artes, o ensino pela Arte, promovendo um modelo educativo integrado nos princ\u00edpios do saber-pensar, saber-fazer [&hellip;]<\/p>\n","protected":false},"author":1,"featured_media":0,"parent":0,"menu_order":0,"comment_status":"closed","ping_status":"closed","template":"","meta":{"_et_pb_use_builder":"on","_et_pb_old_content":"<h2>Instituto das Artes e da Imagem<\/h2>\r\nO Instituto das Artes e da Imagem, criado em 1994, \u00e9 o resultado de uma eficaz e s\u00f3lida experi\u00eancia profissional dos seus fundadores que, procurando a excel\u00eancia, preconizam, mais do que o ensino das Artes, o ensino pela Arte, promovendo um modelo educativo integrado nos princ\u00edpios do saber-pensar, saber-fazer e saber-ser que, tentando responder \u00e0s necessidades resultantes da realidade social, contribui para o desenvolvimento pleno e harmonioso da personalidade dos indiv\u00edduos, incentivando a forma\u00e7\u00e3o de cidad\u00e3os livres, respons\u00e1veis, aut\u00f3nomos, solid\u00e1rios e valorizando a dimens\u00e3o humana.\r\n\r\nA autoriza\u00e7\u00e3o definitiva de funcionamento concedida pelo Minist\u00e9rio da Educa\u00e7\u00e3o, e a homologa\u00e7\u00e3o dos cursos, aprovada pela portaria n\u00ba199\/56, proporcionaram que, a partir do ano letivo 1995\/1996, se iniciassem os cursos de Conserva\u00e7\u00e3o e Restauro, Design de Equipamentos e Produtos e, posteriormente, os cursos de Desenhador de Arquitetura e Imagem Interativa. No ano letivo de 2004\/2005 com o inicio da concretiza\u00e7\u00e3o da reforma educativa do ensino secund\u00e1rio s\u00e3o aprovados novos planos de estudo dos cursos art\u00edsticos especializados de Conserva\u00e7\u00e3o e Restauro do Patrim\u00f3nio, Desenho de Arquitetura e Imagem Interativa. Estes cursos conferem um diploma de conclus\u00e3o do Ensino Secund\u00e1rio, possibilitando a candidatura ao Ensino Superior e tamb\u00e9m Certifica\u00e7\u00e3o profissional, conferindo o n\u00edvel 4 de qualifica\u00e7\u00e3o do Quadro Nacional de Qualifica\u00e7\u00f5es.\r\n\r\nO Instituto \u00e9 o \u00fanico estabelecimento de Ensino Art\u00edstico Especializado no dom\u00ednio das Artes Visuais, pertencente \u00e0 rede de Escolas Secund\u00e1rias do Ensino P\u00fablico Privado. Em conjunto com as duas Escolas P\u00fablicas Estatais (uma no Porto e outra em Lisboa) constituem toda a oferta formativa nacional.\r\n\r\nMudou no dia 3 de janeiro de 2011, para as novas instala\u00e7\u00f5es, na Travessa General Torres, 20, em Vila Nova de Gaia.\r\n\r\nNo edif\u00edcio est\u00e3o instaladas v\u00e1rias salas de aulas te\u00f3ricas, uma oficina de restauro, um laborat\u00f3rio de fotografia, um est\u00fadio de fotografia, uma sala de v\u00eddeo, uma sala de multim\u00e9dia, um laborat\u00f3rio de qu\u00edmica, uma biblioteca, uma sala de estudo com acesso \u00e0 Internet de banda larga, um audit\u00f3rio, uma sala de conv\u00edvio, uma secretaria, uma sala de proje\u00e7\u00e3o multim\u00e9dia e diversos gabinetes.\r\n\r\n<img class=\"alignnone size-full wp-image-7265\" title=\"\" src=\"http:\/\/iai.pt\/web\/wp-content\/uploads\/2014\/01\/entrada_iai.jpg\" alt=\"entrada_iai\" width=\"816\" height=\"821\" \/>","_et_gb_content_width":"","footnotes":""},"class_list":["post-6835","page","type-page","status-publish","hentry"],"aioseo_notices":[],"_links":{"self":[{"href":"http:\/\/iai.pt\/web\/wp-json\/wp\/v2\/pages\/6835","targetHints":{"allow":["GET"]}}],"collection":[{"href":"http:\/\/iai.pt\/web\/wp-json\/wp\/v2\/pages"}],"about":[{"href":"http:\/\/iai.pt\/web\/wp-json\/wp\/v2\/types\/page"}],"author":[{"embeddable":true,"href":"http:\/\/iai.pt\/web\/wp-json\/wp\/v2\/users\/1"}],"replies":[{"embeddable":true,"href":"http:\/\/iai.pt\/web\/wp-json\/wp\/v2\/comments?post=6835"}],"version-history":[{"count":13,"href":"http:\/\/iai.pt\/web\/wp-json\/wp\/v2\/pages\/6835\/revisions"}],"predecessor-version":[{"id":8185,"href":"http:\/\/iai.pt\/web\/wp-json\/wp\/v2\/pages\/6835\/revisions\/8185"}],"wp:attachment":[{"href":"http:\/\/iai.pt\/web\/wp-json\/wp\/v2\/media?parent=6835"}],"curies":[{"name":"wp","href":"https:\/\/api.w.org\/{rel}","templated":true}]}}

Apresentação

<p>[et_pb_section admin_label=&#8221;section&#8221;][et_pb_row admin_label=&#8221;row&#8221;][et_pb_column type=&#8221;4_4&#8243;][et_pb_text admin_label=&#8221;Texto&#8221; background_layout=&#8221;light&#8221; text_orientation=&#8221;left&#8221; use_border_color=&#8221;off&#8221; border_color=&#8221;#ffffff&#8221; border_style=&#8221;solid&#8221;]</p>
<h2>Instituto das Artes e da Imagem</h2>
<p>O Instituto das Artes e da Imagem, criado em 1994, é o resultado de uma eficaz e sólida experiência profissional dos seus fundadores que, procurando a excelência, preconizam, mais do que o ensino das Artes, o ensino pela Arte, promovendo um modelo educativo integrado nos princípios do saber-pensar, saber-fazer e saber-ser que, tentando responder às necessidades resultantes da realidade social, contribui para o desenvolvimento pleno e harmonioso da personalidade dos indivíduos, incentivando a formação de cidadãos livres, responsáveis, autónomos, solidários e valorizando a dimensão humana.</p>
<p>A autorização definitiva de funcionamento concedida pelo Ministério da Educação, e a homologação dos cursos, aprovada pela portaria nº199/96, proporcionaram que, a partir do ano letivo 1995/1996, se iniciassem os cursos de Conservação e Restauro, Design de Equipamentos e Produtos e, posteriormente, os cursos de Desenhador de Arquitetura e Imagem Interativa.</p>
<h4 style="text-align: center;">No ano letivo de 2004/2005 com o inicio da concretização da reforma educativa do ensino secundário são aprovados novos planos de estudo dos cursos artísticos especializados de Conservação e Restauro do Património, Desenho de Arquitetura e Imagem Interativa (portaria 836/04, revogada pela portaria 42/14).</h4>
<p>Estes cursos conferem um diploma de conclusão do Ensino Secundário, possibilitando a candidatura ao Ensino Superior e também Certificação profissional, conferindo o nível 4 de qualificação do Quadro Nacional de Qualificações.</p>
<p>&nbsp;</p>
<p>[/et_pb_text][/et_pb_column][/et_pb_row][/et_pb_section][et_pb_section admin_label=&#8221;Seção&#8221; fullwidth=&#8221;on&#8221; specialty=&#8221;off&#8221; transparent_background=&#8221;off&#8221; background_color=&#8221;#1e73be&#8221; allow_player_pause=&#8221;off&#8221; inner_shadow=&#8221;off&#8221; parallax=&#8221;off&#8221; parallax_method=&#8221;off&#8221; padding_mobile=&#8221;off&#8221; make_fullwidth=&#8221;off&#8221; use_custom_width=&#8221;off&#8221; width_unit=&#8221;on&#8221; make_equal=&#8221;off&#8221; use_custom_gutter=&#8221;off&#8221;][et_pb_fullwidth_header admin_label=&#8221;Cabeçalho de Largura Completa&#8221; title=&#8221;O Instituto é o único estabelecimento de Ensino Artístico Especializado no domínio das Artes Visuais pertencente à rede de Escolas Secundárias do Ensino Público Privado. Em conjunto com as duas Escolas Públicas Estatais (uma no Porto e outra em Lisboa) constituem toda a oferta formativa nacional.&#8221; background_layout=&#8221;dark&#8221; text_orientation=&#8221;center&#8221; header_fullscreen=&#8221;off&#8221; header_scroll_down=&#8221;off&#8221; parallax=&#8221;off&#8221; parallax_method=&#8221;off&#8221; content_orientation=&#8221;center&#8221; image_orientation=&#8221;center&#8221; custom_button_one=&#8221;off&#8221; button_one_letter_spacing=&#8221;0&#8243; button_one_use_icon=&#8221;default&#8221; button_one_icon_placement=&#8221;right&#8221; button_one_on_hover=&#8221;on&#8221; button_one_letter_spacing_hover=&#8221;0&#8243; custom_button_two=&#8221;off&#8221; button_two_letter_spacing=&#8221;0&#8243; button_two_use_icon=&#8221;default&#8221; button_two_icon_placement=&#8221;right&#8221; button_two_on_hover=&#8221;on&#8221; button_two_letter_spacing_hover=&#8221;0&#8243;] [/et_pb_fullwidth_header][/et_pb_section][et_pb_section admin_label=&#8221;Seção&#8221; fullwidth=&#8221;off&#8221; specialty=&#8221;off&#8221;][et_pb_row admin_label=&#8221;Linha&#8221;][et_pb_column type=&#8221;2_3&#8243;][et_pb_text admin_label=&#8221;Texto&#8221; background_layout=&#8221;light&#8221; text_orientation=&#8221;left&#8221; use_border_color=&#8221;off&#8221; border_color=&#8221;#ffffff&#8221; border_style=&#8221;solid&#8221;]</p>
<p>Mudou no dia 3 de janeiro de 2011, para as novas instalações, na Travessa General Torres, 20, em Vila Nova de Gaia.</p>
<p>No edifício estão instaladas várias salas de aulas teóricas, uma oficina de restauro, um laboratório de fotografia, um estúdio de fotografia, uma sala de vídeo, uma sala de multimédia, um laboratório de química, uma biblioteca, uma sala de estudo com acesso à Internet de banda larga, um auditório, uma sala de convívio, uma secretaria, uma sala de projeção multimédia e diversos gabinetes.</p>
<p>[/et_pb_text][/et_pb_column][et_pb_column type=&#8221;1_3&#8243;][et_pb_image admin_label=&#8221;Imagem&#8221; show_in_lightbox=&#8221;off&#8221; url_new_window=&#8221;off&#8221; use_overlay=&#8221;off&#8221; animation=&#8221;left&#8221; sticky=&#8221;off&#8221; align=&#8221;left&#8221; force_fullwidth=&#8221;off&#8221; always_center_on_mobile=&#8221;on&#8221; use_border_color=&#8221;off&#8221; border_color=&#8221;#ffffff&#8221; border_style=&#8221;solid&#8221; src=&#8221;http://iai.pt/web/wp-content/uploads/2014/01/entrada_iai.jpg&#8221;] [/et_pb_image][/et_pb_column][/et_pb_row][/et_pb_section]</p>

<p>Instituto das Artes e da Imagem O Instituto das Artes e da Imagem, criado em 1994, é o resultado de uma eficaz e sólida experiência profissional dos seus fundadores que, procurando a excelência, preconizam, mais do que o ensino das Artes, o ensino pela Arte, promovendo um modelo educativo integrado nos princípios do saber-pensar, saber-fazer [&hellip;]</p>

<h2>Instituto das Artes e da Imagem</h2>
O Instituto das Artes e da Imagem, criado em 1994, é o resultado de uma eficaz e sólida experiência profissional dos seus fundadores que, procurando a excelência, preconizam, mais do que o ensino das Artes, o ensino pela Arte, promovendo um modelo educativo integrado nos princípios do saber-pensar, saber-fazer e saber-ser que, tentando responder às necessidades resultantes da realidade social, contribui para o desenvolvimento pleno e harmonioso da personalidade dos indivíduos, incentivando a formação de cidadãos livres, responsáveis, autónomos, solidários e valorizando a dimensão humana.

A autorização definitiva de funcionamento concedida pelo Ministério da Educação, e a homologação dos cursos, aprovada pela portaria nº199/56, proporcionaram que, a partir do ano letivo 1995/1996, se iniciassem os cursos de Conservação e Restauro, Design de Equipamentos e Produtos e, posteriormente, os cursos de Desenhador de Arquitetura e Imagem Interativa. No ano letivo de 2004/2005 com o inicio da concretização da reforma educativa do ensino secundário são aprovados novos planos de estudo dos cursos artísticos especializados de Conservação e Restauro do Património, Desenho de Arquitetura e Imagem Interativa. Estes cursos conferem um diploma de conclusão do Ensino Secundário, possibilitando a candidatura ao Ensino Superior e também Certificação profissional, conferindo o nível 4 de qualificação do Quadro Nacional de Qualificações.

O Instituto é o único estabelecimento de Ensino Artístico Especializado no domínio das Artes Visuais, pertencente à rede de Escolas Secundárias do Ensino Público Privado. Em conjunto com as duas Escolas Públicas Estatais (uma no Porto e outra em Lisboa) constituem toda a oferta formativa nacional.

Mudou no dia 3 de janeiro de 2011, para as novas instalações, na Travessa General Torres, 20, em Vila Nova de Gaia.

No edifício estão instaladas várias salas de aulas teóricas, uma oficina de restauro, um laboratório de fotografia, um estúdio de fotografia, uma sala de vídeo, uma sala de multimédia, um laboratório de química, uma biblioteca, uma sala de estudo com acesso à Internet de banda larga, um auditório, uma sala de convívio, uma secretaria, uma sala de projeção multimédia e diversos gabinetes.

<img class="alignnone size-full wp-image-7265" title="" src="http://iai.pt/web/wp-content/uploads/2014/01/entrada_iai.jpg" alt="entrada_iai" width="816" height="821" />
