{"id":13517,"date":"2022-01-06T10:40:38","date_gmt":"2022-01-06T10:40:38","guid":{"rendered":"http:\/\/iai.pt\/web\/?page_id=13517"},"modified":"2023-06-01T13:20:42","modified_gmt":"2023-06-01T12:20:42","slug":"relatorio-anual-de-actividades","status":"publish","type":"page","link":"https:\/\/iai.pt\/web\/relatorio-anual-de-actividades","title":{"rendered":"Relat\u00f3rio Anual de Atividades"},"content":{"rendered":"<p>[et_pb_section fb_built=&#8221;1&#8243; inner_shadow=&#8221;on&#8221; fullwidth=&#8221;on&#8221; custom_padding_last_edited=&#8221;on|desktop&#8221; admin_label=&#8221;section&#8221; _builder_version=&#8221;4.4.7&#8243; background_color=&#8221;#0c71c3&#8243; custom_padding_tablet=&#8221;50px|0|50px|0&#8243; custom_padding_phone=&#8221;&#8221; transparent_background=&#8221;off&#8221; padding_mobile=&#8221;off&#8221;][et_pb_fullwidth_header title=&#8221;Relat\u00f3rio Anual de Atividades&#8221; admin_label=&#8221;Cabe\u00e7alho de Largura Completa&#8221; _builder_version=&#8221;3.16&#8243; background_color=&#8221;rgba(255, 255, 255, 0)&#8221; max_width_tablet=&#8221;50px&#8221; button_one_text_size__hover_enabled=&#8221;off&#8221; button_two_text_size__hover_enabled=&#8221;off&#8221; button_one_text_color__hover_enabled=&#8221;off&#8221; button_two_text_color__hover_enabled=&#8221;off&#8221; button_one_border_width__hover_enabled=&#8221;off&#8221; button_two_border_width__hover_enabled=&#8221;off&#8221; button_one_border_color__hover_enabled=&#8221;off&#8221; button_two_border_color__hover_enabled=&#8221;off&#8221; button_one_border_radius__hover_enabled=&#8221;off&#8221; button_two_border_radius__hover_enabled=&#8221;off&#8221; button_one_letter_spacing__hover_enabled=&#8221;off&#8221; button_two_letter_spacing__hover_enabled=&#8221;off&#8221; button_one_bg_color__hover_enabled=&#8221;off&#8221; button_two_bg_color__hover_enabled=&#8221;off&#8221;][\/et_pb_fullwidth_header][\/et_pb_section][et_pb_section fb_built=&#8221;1&#8243; _builder_version=&#8221;4.4.7&#8243;][et_pb_row column_structure=&#8221;1_4,1_4,1_4,1_4&#8243; _builder_version=&#8221;4.4.7&#8243; custom_padding=&#8221;|0px||||&#8221;][et_pb_column type=&#8221;1_4&#8243; _builder_version=&#8221;4.4.7&#8243;][et_pb_accordion _builder_version=&#8221;4.5.3&#8243; _module_preset=&#8221;default&#8221; hover_enabled=&#8221;0&#8243; background_color=&#8221;rgba(12,113,195,0.45)&#8221; link_option_url=&#8221;http:\/\/iai.pt\/web\/pagina-em-manutencao&#8221;][et_pb_accordion_item _builder_version=&#8221;4.5.3&#8243; _module_preset=&#8221;default&#8221; open=&#8221;on&#8221; hover_enabled=&#8221;0&#8243; link_option_url=&#8221;http:\/\/iai.pt\/web\/pagina-em-manutencao&#8221; link_option_url_new_window=&#8221;on&#8221;]<\/p>\n<p style=\"text-align: center;\"><strong>Ano Letivo 2022.2023<\/strong><br \/> informa\u00e7\u00e3o a disponibilizar em breve<\/p>\n<p>[\/et_pb_accordion_item][\/et_pb_accordion][et_pb_accordion _builder_version=&#8221;4.5.3&#8243; _module_preset=&#8221;default&#8221; hover_enabled=&#8221;0&#8243; background_color=&#8221;rgba(12,113,195,0.45)&#8221; link_option_url=&#8221;http:\/\/www.iai.pt\/download\/relatorioPlanoAnual.pdf&#8221; link_option_url_new_window=&#8221;on&#8221;][et_pb_accordion_item _builder_version=&#8221;4.5.3&#8243; _module_preset=&#8221;default&#8221; open=&#8221;on&#8221; hover_enabled=&#8221;0&#8243; link_option_url=&#8221;http:\/\/www.iai.pt\/download\/relatorioPlanoAnual.pdf&#8221; link_option_url_new_window=&#8221;on&#8221;]<\/p>\n<p style=\"text-align: center;\"><strong>Ano Letivo 2018.2019<\/strong><br \/> Aceder<\/p>\n<p>[\/et_pb_accordion_item][\/et_pb_accordion][\/et_pb_column][et_pb_column type=&#8221;1_4&#8243; _builder_version=&#8221;4.4.7&#8243;][et_pb_accordion _builder_version=&#8221;4.5.3&#8243; _module_preset=&#8221;default&#8221; hover_enabled=&#8221;0&#8243; background_color=&#8221;rgba(12,113,195,0.45)&#8221; link_option_url=&#8221;http:\/\/iai.pt\/web\/wp-content\/uploads\/2023\/06\/relatorio-anual_2021.2022.pdf&#8221; link_option_url_new_window=&#8221;on&#8221;][et_pb_accordion_item _builder_version=&#8221;4.5.3&#8243; _module_preset=&#8221;default&#8221; open=&#8221;on&#8221; hover_enabled=&#8221;0&#8243; link_option_url=&#8221;http:\/\/iai.pt\/web\/wp-content\/uploads\/2023\/06\/relatorio-anual_2021.2022.pdf&#8221; link_option_url_new_window=&#8221;on&#8221;]<\/p>\n<p style=\"text-align: center;\"><strong>Ano Letivo 2021.2022<\/strong><br \/> Aceder<\/p>\n<p>[\/et_pb_accordion_item][\/et_pb_accordion][\/et_pb_column][et_pb_column type=&#8221;1_4&#8243; _builder_version=&#8221;4.4.7&#8243;][et_pb_accordion _builder_version=&#8221;4.5.3&#8243; _module_preset=&#8221;default&#8221; hover_enabled=&#8221;0&#8243; background_color=&#8221;rgba(12,113,195,0.45)&#8221; link_option_url=&#8221;http:\/\/iai.pt\/web\/pagina-em-manutencao&#8221; link_option_url_new_window=&#8221;on&#8221;][et_pb_accordion_item _builder_version=&#8221;4.5.3&#8243; _module_preset=&#8221;default&#8221; open=&#8221;on&#8221; hover_enabled=&#8221;0&#8243; link_option_url=&#8221;http:\/\/iai.pt\/web\/pagina-em-manutencao&#8221; link_option_url_new_window=&#8221;on&#8221;]<\/p>\n<p style=\"text-align: center;\"><strong>Ano Letivo 2020.2021<\/strong><br \/>informa\u00e7\u00e3o a disponibilizar em breve<\/p>\n<p>[\/et_pb_accordion_item][\/et_pb_accordion][\/et_pb_column][et_pb_column type=&#8221;1_4&#8243; _builder_version=&#8221;4.4.7&#8243;][et_pb_accordion _builder_version=&#8221;4.5.3&#8243; _module_preset=&#8221;default&#8221; hover_enabled=&#8221;0&#8243; background_color=&#8221;rgba(12,113,195,0.45)&#8221; link_option_url=&#8221;http:\/\/iai.pt\/web\/wp-content\/uploads\/2023\/06\/relatorio-anual_2019.2020-.pdf&#8221; link_option_url_new_window=&#8221;on&#8221;][et_pb_accordion_item _builder_version=&#8221;4.5.3&#8243; _module_preset=&#8221;default&#8221; open=&#8221;on&#8221; hover_enabled=&#8221;0&#8243; link_option_url=&#8221;http:\/\/iai.pt\/web\/wp-content\/uploads\/2023\/06\/relatorio-anual_2019.2020-.pdf&#8221; link_option_url_new_window=&#8221;on&#8221;]<\/p>\n<p style=\"text-align: center;\"><strong>Ano Letivo 2019.2020<\/strong><br \/> Aceder<\/p>\n<p>[\/et_pb_accordion_item][\/et_pb_accordion][\/et_pb_column][\/et_pb_row][\/et_pb_section]<\/p>\n","protected":false},"excerpt":{"rendered":"<p>Ano Letivo 2022.2023 informa\u00e7\u00e3o a disponibilizar em breve Ano Letivo 2018.2019 Aceder Ano Letivo 2021.2022 Aceder Ano Letivo 2020.2021informa\u00e7\u00e3o a disponibilizar em breveAno Letivo 2019.2020 Aceder<\/p>\n","protected":false},"author":1,"featured_media":0,"parent":0,"menu_order":0,"comment_status":"closed","ping_status":"closed","template":"","meta":{"_et_pb_use_builder":"on","_et_pb_old_content":"","_et_gb_content_width":"","footnotes":""},"class_list":["post-13517","page","type-page","status-publish","hentry"],"aioseo_notices":[],"_links":{"self":[{"href":"https:\/\/iai.pt\/web\/wp-json\/wp\/v2\/pages\/13517","targetHints":{"allow":["GET"]}}],"collection":[{"href":"https:\/\/iai.pt\/web\/wp-json\/wp\/v2\/pages"}],"about":[{"href":"https:\/\/iai.pt\/web\/wp-json\/wp\/v2\/types\/page"}],"author":[{"embeddable":true,"href":"https:\/\/iai.pt\/web\/wp-json\/wp\/v2\/users\/1"}],"replies":[{"embeddable":true,"href":"https:\/\/iai.pt\/web\/wp-json\/wp\/v2\/comments?post=13517"}],"version-history":[{"count":2,"href":"https:\/\/iai.pt\/web\/wp-json\/wp\/v2\/pages\/13517\/revisions"}],"predecessor-version":[{"id":14128,"href":"https:\/\/iai.pt\/web\/wp-json\/wp\/v2\/pages\/13517\/revisions\/14128"}],"wp:attachment":[{"href":"https:\/\/iai.pt\/web\/wp-json\/wp\/v2\/media?parent=13517"}],"curies":[{"name":"wp","href":"https:\/\/api.w.org\/{rel}","templated":true}]}}

Relatório Anual de Atividades

<p>[et_pb_section fb_built=&#8221;1&#8243; inner_shadow=&#8221;on&#8221; fullwidth=&#8221;on&#8221; custom_padding_last_edited=&#8221;on|desktop&#8221; admin_label=&#8221;section&#8221; _builder_version=&#8221;4.4.7&#8243; background_color=&#8221;#0c71c3&#8243; custom_padding_tablet=&#8221;50px|0|50px|0&#8243; custom_padding_phone=&#8221;&#8221; transparent_background=&#8221;off&#8221; padding_mobile=&#8221;off&#8221;][et_pb_fullwidth_header title=&#8221;Relatório Anual de Atividades&#8221; admin_label=&#8221;Cabeçalho de Largura Completa&#8221; _builder_version=&#8221;3.16&#8243; background_color=&#8221;rgba(255, 255, 255, 0)&#8221; max_width_tablet=&#8221;50px&#8221; button_one_text_size__hover_enabled=&#8221;off&#8221; button_two_text_size__hover_enabled=&#8221;off&#8221; button_one_text_color__hover_enabled=&#8221;off&#8221; button_two_text_color__hover_enabled=&#8221;off&#8221; button_one_border_width__hover_enabled=&#8221;off&#8221; button_two_border_width__hover_enabled=&#8221;off&#8221; button_one_border_color__hover_enabled=&#8221;off&#8221; button_two_border_color__hover_enabled=&#8221;off&#8221; button_one_border_radius__hover_enabled=&#8221;off&#8221; button_two_border_radius__hover_enabled=&#8221;off&#8221; button_one_letter_spacing__hover_enabled=&#8221;off&#8221; button_two_letter_spacing__hover_enabled=&#8221;off&#8221; button_one_bg_color__hover_enabled=&#8221;off&#8221; button_two_bg_color__hover_enabled=&#8221;off&#8221;][/et_pb_fullwidth_header][/et_pb_section][et_pb_section fb_built=&#8221;1&#8243; _builder_version=&#8221;4.4.7&#8243;][et_pb_row column_structure=&#8221;1_4,1_4,1_4,1_4&#8243; _builder_version=&#8221;4.4.7&#8243; custom_padding=&#8221;|0px||||&#8221;][et_pb_column type=&#8221;1_4&#8243; _builder_version=&#8221;4.4.7&#8243;][et_pb_accordion _builder_version=&#8221;4.5.3&#8243; _module_preset=&#8221;default&#8221; hover_enabled=&#8221;0&#8243; background_color=&#8221;rgba(12,113,195,0.45)&#8221; link_option_url=&#8221;http://iai.pt/web/pagina-em-manutencao&#8221;][et_pb_accordion_item _builder_version=&#8221;4.5.3&#8243; _module_preset=&#8221;default&#8221; open=&#8221;on&#8221; hover_enabled=&#8221;0&#8243; link_option_url=&#8221;http://iai.pt/web/pagina-em-manutencao&#8221; link_option_url_new_window=&#8221;on&#8221;]</p>
<p style="text-align: center;"><strong>Ano Letivo 2022.2023</strong><br /> informação a disponibilizar em breve</p>
<p>[/et_pb_accordion_item][/et_pb_accordion][et_pb_accordion _builder_version=&#8221;4.5.3&#8243; _module_preset=&#8221;default&#8221; hover_enabled=&#8221;0&#8243; background_color=&#8221;rgba(12,113,195,0.45)&#8221; link_option_url=&#8221;http://www.iai.pt/download/relatorioPlanoAnual.pdf&#8221; link_option_url_new_window=&#8221;on&#8221;][et_pb_accordion_item _builder_version=&#8221;4.5.3&#8243; _module_preset=&#8221;default&#8221; open=&#8221;on&#8221; hover_enabled=&#8221;0&#8243; link_option_url=&#8221;http://www.iai.pt/download/relatorioPlanoAnual.pdf&#8221; link_option_url_new_window=&#8221;on&#8221;]</p>
<p style="text-align: center;"><strong>Ano Letivo 2018.2019</strong><br /> Aceder</p>
<p>[/et_pb_accordion_item][/et_pb_accordion][/et_pb_column][et_pb_column type=&#8221;1_4&#8243; _builder_version=&#8221;4.4.7&#8243;][et_pb_accordion _builder_version=&#8221;4.5.3&#8243; _module_preset=&#8221;default&#8221; hover_enabled=&#8221;0&#8243; background_color=&#8221;rgba(12,113,195,0.45)&#8221; link_option_url=&#8221;http://iai.pt/web/wp-content/uploads/2023/06/relatorio-anual_2021.2022.pdf&#8221; link_option_url_new_window=&#8221;on&#8221;][et_pb_accordion_item _builder_version=&#8221;4.5.3&#8243; _module_preset=&#8221;default&#8221; open=&#8221;on&#8221; hover_enabled=&#8221;0&#8243; link_option_url=&#8221;http://iai.pt/web/wp-content/uploads/2023/06/relatorio-anual_2021.2022.pdf&#8221; link_option_url_new_window=&#8221;on&#8221;]</p>
<p style="text-align: center;"><strong>Ano Letivo 2021.2022</strong><br /> Aceder</p>
<p>[/et_pb_accordion_item][/et_pb_accordion][/et_pb_column][et_pb_column type=&#8221;1_4&#8243; _builder_version=&#8221;4.4.7&#8243;][et_pb_accordion _builder_version=&#8221;4.5.3&#8243; _module_preset=&#8221;default&#8221; hover_enabled=&#8221;0&#8243; background_color=&#8221;rgba(12,113,195,0.45)&#8221; link_option_url=&#8221;http://iai.pt/web/pagina-em-manutencao&#8221; link_option_url_new_window=&#8221;on&#8221;][et_pb_accordion_item _builder_version=&#8221;4.5.3&#8243; _module_preset=&#8221;default&#8221; open=&#8221;on&#8221; hover_enabled=&#8221;0&#8243; link_option_url=&#8221;http://iai.pt/web/pagina-em-manutencao&#8221; link_option_url_new_window=&#8221;on&#8221;]</p>
<p style="text-align: center;"><strong>Ano Letivo 2020.2021</strong><br />informação a disponibilizar em breve</p>
<p>[/et_pb_accordion_item][/et_pb_accordion][/et_pb_column][et_pb_column type=&#8221;1_4&#8243; _builder_version=&#8221;4.4.7&#8243;][et_pb_accordion _builder_version=&#8221;4.5.3&#8243; _module_preset=&#8221;default&#8221; hover_enabled=&#8221;0&#8243; background_color=&#8221;rgba(12,113,195,0.45)&#8221; link_option_url=&#8221;http://iai.pt/web/wp-content/uploads/2023/06/relatorio-anual_2019.2020-.pdf&#8221; link_option_url_new_window=&#8221;on&#8221;][et_pb_accordion_item _builder_version=&#8221;4.5.3&#8243; _module_preset=&#8221;default&#8221; open=&#8221;on&#8221; hover_enabled=&#8221;0&#8243; link_option_url=&#8221;http://iai.pt/web/wp-content/uploads/2023/06/relatorio-anual_2019.2020-.pdf&#8221; link_option_url_new_window=&#8221;on&#8221;]</p>
<p style="text-align: center;"><strong>Ano Letivo 2019.2020</strong><br /> Aceder</p>
<p>[/et_pb_accordion_item][/et_pb_accordion][/et_pb_column][/et_pb_row][/et_pb_section]</p>

<p>Ano Letivo 2022.2023 informação a disponibilizar em breve Ano Letivo 2018.2019 Aceder Ano Letivo 2021.2022 Aceder Ano Letivo 2020.2021informação a disponibilizar em breveAno Letivo 2019.2020 Aceder</p>
