{"id":14062,"date":"2023-06-02T16:10:57","date_gmt":"2023-06-02T15:10:57","guid":{"rendered":"http:\/\/iai.pt\/web\/?page_id=14062"},"modified":"2024-04-09T11:04:04","modified_gmt":"2024-04-09T10:04:04","slug":"erasmus-iai","status":"publish","type":"page","link":"https:\/\/iai.pt\/web\/erasmus-iai","title":{"rendered":"Erasmus+"},"content":{"rendered":"<p>[et_pb_section fb_built=&#8221;1&#8243; admin_label=&#8221;section&#8221; _builder_version=&#8221;4.16&#8243; custom_padding=&#8221;65px|50px|0px|0px||&#8221; global_colors_info=&#8221;{}&#8221;][et_pb_row column_structure=&#8221;3_5,2_5&#8243; admin_label=&#8221;row&#8221; _builder_version=&#8221;4.16&#8243; background_size=&#8221;initial&#8221; background_position=&#8221;top_left&#8221; background_repeat=&#8221;repeat&#8221; custom_margin=&#8221;|auto||60px||&#8221; global_colors_info=&#8221;{}&#8221;][et_pb_column type=&#8221;3_5&#8243; _builder_version=&#8221;4.16&#8243; custom_padding=&#8221;|||&#8221; global_colors_info=&#8221;{}&#8221; custom_padding__hover=&#8221;|||&#8221;][et_pb_text admin_label=&#8221;Texto&#8221; _builder_version=&#8221;4.16&#8243; background_size=&#8221;initial&#8221; background_position=&#8221;top_left&#8221; background_repeat=&#8221;repeat&#8221; custom_padding=&#8221;|51px||0px||&#8221; use_border_color=&#8221;off&#8221; border_color=&#8221;#ffffff&#8221; border_style=&#8221;solid&#8221; global_colors_info=&#8221;{}&#8221;]<\/p>\n<h2>ERASMUS+<\/h2>\n<p><span style=\"font-size: 14px;\">O Programa Erasmus+ destina-se a apoiar atividades de educa\u00e7\u00e3o, forma\u00e7\u00e3o, juventude e desporto em todos os setores da aprendizagem ao longo da vida, com o objetivo de potenciar o desenvolvimento pessoal e profissional de todos os cidad\u00e3os, para o refor\u00e7o da identidade europeia, do crescimento sustent\u00e1vel, da coes\u00e3o social e da empregabilidade das pessoas.<\/span><\/p>\n<p><strong>A\u00e7\u00e3o 1: A mobilidade individual para fins de aprendizagem<\/strong><br \/><span style=\"font-size: 14px;\"><\/span><\/p>\n<p><span style=\"font-weight: 400;\">A mobilidade individual para fins de aprendizagem permite aos participantes viajar para outro pa\u00eds da Uni\u00e3o Europeia a fim de estudar, trabalhar, ensinar, fazer forma\u00e7\u00e3o e desenvolver compet\u00eancias profissionais. Para al\u00e9m de melhorarem a sua empregabilidade, os participantes poder\u00e3o tamb\u00e9m adquirir uma nova consci\u00eancia cultural.<\/span><\/p>\n<p><span style=\"font-size: 14px;\"><\/span><\/p>\n<p>[\/et_pb_text][\/et_pb_column][et_pb_column type=&#8221;2_5&#8243; _builder_version=&#8221;4.16&#8243; custom_padding=&#8221;|||&#8221; global_colors_info=&#8221;{}&#8221; custom_padding__hover=&#8221;|||&#8221;][et_pb_image src=&#8221;https:\/\/iai.pt\/web\/wp-content\/uploads\/2023\/05\/logo_erasmus-completo.png&#8221; title_text=&#8221;logo_erasmus-completo&#8221; align=&#8221;center&#8221; _builder_version=&#8221;4.16&#8243; _module_preset=&#8221;default&#8221; module_alignment=&#8221;center&#8221; custom_padding=&#8221;||0px|||&#8221; global_colors_info=&#8221;{}&#8221;][\/et_pb_image][et_pb_button button_url=&#8221;https:\/\/www.erasmusmais.pt\/&#8221; button_text=&#8221;Erasmus+ Site Oficial&#8221; button_alignment=&#8221;center&#8221; _builder_version=&#8221;4.23.4&#8243; _module_preset=&#8221;default&#8221; custom_margin=&#8221;|||0px||&#8221; custom_padding=&#8221;||0px|||&#8221; hover_enabled=&#8221;0&#8243; global_colors_info=&#8221;{}&#8221; sticky_enabled=&#8221;0&#8243;][\/et_pb_button][et_pb_button button_url=&#8221;https:\/\/iai.pt\/web\/wp-content\/uploads\/2024\/04\/Certificado_2023-1-PT01-KA120-VET-000191460_signed.pdf&#8221; url_new_window=&#8221;on&#8221; button_text=&#8221;Acredita\u00e7\u00e3o Erasmus+ 2024-2027&#8243; button_alignment=&#8221;center&#8221; _builder_version=&#8221;4.23.4&#8243; _module_preset=&#8221;default&#8221; custom_margin=&#8221;|||0px||&#8221; custom_padding=&#8221;||0px|||&#8221; global_colors_info=&#8221;{}&#8221;][\/et_pb_button][et_pb_image src=&#8221;https:\/\/iai.pt\/web\/wp-content\/uploads\/2024\/01\/Plano-de-Desenvolvimento-Eramus-scaled.jpg&#8221; title_text=&#8221;Plano-de-Desenvolvimento-Eramus&#8221; url=&#8221;https:\/\/iai.pt\/web\/wp-content\/uploads\/2024\/01\/Plano-de-Desenvolvimento-Eramus_merged-compressed.pdf&#8221; align=&#8221;center&#8221; _builder_version=&#8221;4.16&#8243; _module_preset=&#8221;default&#8221; max_width=&#8221;68%&#8221; global_colors_info=&#8221;{}&#8221;][\/et_pb_image][\/et_pb_column][\/et_pb_row][\/et_pb_section][et_pb_section fb_built=&#8221;1&#8243; _builder_version=&#8221;4.23.4&#8243; _module_preset=&#8221;default&#8221; global_colors_info=&#8221;{}&#8221;][et_pb_row _builder_version=&#8221;4.23.4&#8243; _module_preset=&#8221;default&#8221; global_colors_info=&#8221;{}&#8221;][et_pb_column type=&#8221;4_4&#8243; _builder_version=&#8221;4.23.4&#8243; _module_preset=&#8221;default&#8221; global_colors_info=&#8221;{}&#8221;][et_pb_button button_url=&#8221;https:\/\/iai.pt\/web\/erasmus-2023&#8243; url_new_window=&#8221;on&#8221; button_text=&#8221;Erasmus+ 2023&#8243; _builder_version=&#8221;4.23.4&#8243; _module_preset=&#8221;default&#8221; global_colors_info=&#8221;{}&#8221;][\/et_pb_button][\/et_pb_column][\/et_pb_row][\/et_pb_section][et_pb_section fb_built=&#8221;1&#8243; admin_label=&#8221;section&#8221; _builder_version=&#8221;4.16&#8243; min_height=&#8221;3494px&#8221; custom_padding=&#8221;3px|||||&#8221; global_colors_info=&#8221;{}&#8221;][et_pb_row admin_label=&#8221;row&#8221; _builder_version=&#8221;4.16&#8243; background_size=&#8221;initial&#8221; background_position=&#8221;top_left&#8221; background_repeat=&#8221;repeat&#8221; global_colors_info=&#8221;{}&#8221;][et_pb_column type=&#8221;4_4&#8243; _builder_version=&#8221;4.16&#8243; custom_padding=&#8221;|||&#8221; global_colors_info=&#8221;{}&#8221; custom_padding__hover=&#8221;|||&#8221;][et_pb_text admin_label=&#8221;Texto&#8221; _builder_version=&#8221;4.23.4&#8243; background_size=&#8221;initial&#8221; background_position=&#8221;top_left&#8221; background_repeat=&#8221;repeat&#8221; custom_margin=&#8221;||12px|||&#8221; custom_padding=&#8221;|0px|0px|||&#8221; use_border_color=&#8221;off&#8221; border_color=&#8221;#ffffff&#8221; border_style=&#8221;solid&#8221; global_colors_info=&#8221;{}&#8221;]<\/p>\n<h2>Not\u00edcias Erasmus+ 2024<\/h2>\n<p>[\/et_pb_text][et_pb_accordion _builder_version=&#8221;4.23.4&#8243; _module_preset=&#8221;default&#8221; min_height=&#8221;262px&#8221; global_colors_info=&#8221;{}&#8221;][et_pb_accordion_item title=&#8221;Sess\u00e3o de Partilha com Ex-alunos de Erasmus&#8221; open=&#8221;on&#8221; _builder_version=&#8221;4.23.4&#8243; _module_preset=&#8221;default&#8221; global_colors_info=&#8221;{}&#8221;]<\/p>\n<p><span style=\"font-weight: 400;\">No dia 18 de mar\u00e7o de 2024, alunos e ex alunos que participaram no projeto de mobilidade Erasmus, no ano letivo transato, deram o seu testemunho. Atrav\u00e9s de uma apresenta\u00e7\u00e3o e de um podcast partilharam com toda a comunidade educativa as suas experi\u00eancias pessoais e profissionais, do per\u00edodo em que estiveram em It\u00e1lia e Malta.\u00a0 De uma forma geral, todos os alunos referiram que a experi\u00eancia foi bastante enriquecedora pois, para al\u00e9m de evolu\u00edrem profissionalmente,\u00a0 tiveram ainda oportunidade de conhecer a cultura do Pa\u00eds de destino. <\/span><\/p>\n<p><img loading=\"lazy\" decoding=\"async\" src=\"https:\/\/iai.pt\/web\/wp-content\/uploads\/2024\/04\/DSC0038-min-scaled.jpg\" width=\"431\" height=\"287\" alt=\"\" class=\"wp-image-15360 alignnone size-full\" \/> <img loading=\"lazy\" decoding=\"async\" src=\"https:\/\/iai.pt\/web\/wp-content\/uploads\/2024\/04\/DSC0050-min-scaled.jpg\" width=\"430\" height=\"286\" alt=\"\" class=\"wp-image-15361 alignnone size-full\" \/><img loading=\"lazy\" decoding=\"async\" src=\"https:\/\/iai.pt\/web\/wp-content\/uploads\/2024\/04\/DSC0052-min-scaled.jpg\" width=\"429\" height=\"286\" alt=\"\" class=\"wp-image-15362 alignnone size-full\" \/>\u00a0<img loading=\"lazy\" decoding=\"async\" src=\"https:\/\/iai.pt\/web\/wp-content\/uploads\/2024\/04\/DSC0058-min-scaled.jpg\" width=\"428\" height=\"285\" alt=\"\" class=\"wp-image-15363 alignnone size-full\" \/> <img loading=\"lazy\" decoding=\"async\" src=\"https:\/\/iai.pt\/web\/wp-content\/uploads\/2024\/04\/DSC0059-min-scaled.jpg\" width=\"428\" height=\"285\" alt=\"\" class=\"wp-image-15364 alignnone size-full\" \/> <img loading=\"lazy\" decoding=\"async\" src=\"https:\/\/iai.pt\/web\/wp-content\/uploads\/2024\/04\/DSC0066-min-scaled.jpg\" width=\"428\" height=\"285\" alt=\"\" class=\"wp-image-15365 alignnone size-full\" \/> <img loading=\"lazy\" decoding=\"async\" src=\"https:\/\/iai.pt\/web\/wp-content\/uploads\/2024\/04\/DSC0070-min-scaled.jpg\" width=\"595\" height=\"396\" alt=\"\" class=\"wp-image-15366 alignnone size-full\" \/> <img loading=\"lazy\" decoding=\"async\" src=\"https:\/\/iai.pt\/web\/wp-content\/uploads\/2024\/04\/DSC0022-min-scaled.jpg\" width=\"263\" height=\"395\" alt=\"\" class=\"wp-image-15359 alignnone size-full\" \/><\/p>\n<p>[\/et_pb_accordion_item][\/et_pb_accordion][\/et_pb_column][\/et_pb_row][\/et_pb_section]<\/p>\n","protected":false},"excerpt":{"rendered":"<p>ERASMUS+ O Programa Erasmus+ destina-se a apoiar atividades de educa\u00e7\u00e3o, forma\u00e7\u00e3o, juventude e desporto em todos os setores da aprendizagem ao longo da vida, com o objetivo de potenciar o desenvolvimento pessoal e profissional de todos os cidad\u00e3os, para o refor\u00e7o da identidade europeia, do crescimento sustent\u00e1vel, da coes\u00e3o social e da empregabilidade das pessoas. [&hellip;]<\/p>\n","protected":false},"author":1,"featured_media":0,"parent":0,"menu_order":0,"comment_status":"closed","ping_status":"closed","template":"","meta":{"_et_pb_use_builder":"on","_et_pb_old_content":"","_et_gb_content_width":"","footnotes":""},"class_list":["post-14062","page","type-page","status-publish","hentry"],"aioseo_notices":[],"_links":{"self":[{"href":"https:\/\/iai.pt\/web\/wp-json\/wp\/v2\/pages\/14062","targetHints":{"allow":["GET"]}}],"collection":[{"href":"https:\/\/iai.pt\/web\/wp-json\/wp\/v2\/pages"}],"about":[{"href":"https:\/\/iai.pt\/web\/wp-json\/wp\/v2\/types\/page"}],"author":[{"embeddable":true,"href":"https:\/\/iai.pt\/web\/wp-json\/wp\/v2\/users\/1"}],"replies":[{"embeddable":true,"href":"https:\/\/iai.pt\/web\/wp-json\/wp\/v2\/comments?post=14062"}],"version-history":[{"count":4,"href":"https:\/\/iai.pt\/web\/wp-json\/wp\/v2\/pages\/14062\/revisions"}],"predecessor-version":[{"id":15352,"href":"https:\/\/iai.pt\/web\/wp-json\/wp\/v2\/pages\/14062\/revisions\/15352"}],"wp:attachment":[{"href":"https:\/\/iai.pt\/web\/wp-json\/wp\/v2\/media?parent=14062"}],"curies":[{"name":"wp","href":"https:\/\/api.w.org\/{rel}","templated":true}]}}

<p>[et_pb_section fb_built=&#8221;1&#8243; admin_label=&#8221;section&#8221; _builder_version=&#8221;4.16&#8243; custom_padding=&#8221;65px|50px|0px|0px||&#8221; global_colors_info=&#8221;{}&#8221;][et_pb_row column_structure=&#8221;3_5,2_5&#8243; admin_label=&#8221;row&#8221; _builder_version=&#8221;4.16&#8243; background_size=&#8221;initial&#8221; background_position=&#8221;top_left&#8221; background_repeat=&#8221;repeat&#8221; custom_margin=&#8221;|auto||60px||&#8221; global_colors_info=&#8221;{}&#8221;][et_pb_column type=&#8221;3_5&#8243; _builder_version=&#8221;4.16&#8243; custom_padding=&#8221;|||&#8221; global_colors_info=&#8221;{}&#8221; custom_padding__hover=&#8221;|||&#8221;][et_pb_text admin_label=&#8221;Texto&#8221; _builder_version=&#8221;4.16&#8243; background_size=&#8221;initial&#8221; background_position=&#8221;top_left&#8221; background_repeat=&#8221;repeat&#8221; custom_padding=&#8221;|51px||0px||&#8221; use_border_color=&#8221;off&#8221; border_color=&#8221;#ffffff&#8221; border_style=&#8221;solid&#8221; global_colors_info=&#8221;{}&#8221;]</p>
<h2>ERASMUS+</h2>
<p><span style="font-size: 14px;">O Programa Erasmus+ destina-se a apoiar atividades de educação, formação, juventude e desporto em todos os setores da aprendizagem ao longo da vida, com o objetivo de potenciar o desenvolvimento pessoal e profissional de todos os cidadãos, para o reforço da identidade europeia, do crescimento sustentável, da coesão social e da empregabilidade das pessoas.</span></p>
<p><strong>Ação 1: A mobilidade individual para fins de aprendizagem</strong><br /><span style="font-size: 14px;"></span></p>
<p><span style="font-weight: 400;">A mobilidade individual para fins de aprendizagem permite aos participantes viajar para outro país da União Europeia a fim de estudar, trabalhar, ensinar, fazer formação e desenvolver competências profissionais. Para além de melhorarem a sua empregabilidade, os participantes poderão também adquirir uma nova consciência cultural.</span></p>
<p><span style="font-size: 14px;"></span></p>
<p>[/et_pb_text][/et_pb_column][et_pb_column type=&#8221;2_5&#8243; _builder_version=&#8221;4.16&#8243; custom_padding=&#8221;|||&#8221; global_colors_info=&#8221;{}&#8221; custom_padding__hover=&#8221;|||&#8221;][et_pb_image src=&#8221;https://iai.pt/web/wp-content/uploads/2023/05/logo_erasmus-completo.png&#8221; title_text=&#8221;logo_erasmus-completo&#8221; align=&#8221;center&#8221; _builder_version=&#8221;4.16&#8243; _module_preset=&#8221;default&#8221; module_alignment=&#8221;center&#8221; custom_padding=&#8221;||0px|||&#8221; global_colors_info=&#8221;{}&#8221;][/et_pb_image][et_pb_button button_url=&#8221;https://www.erasmusmais.pt/&#8221; button_text=&#8221;Erasmus+ Site Oficial&#8221; button_alignment=&#8221;center&#8221; _builder_version=&#8221;4.23.4&#8243; _module_preset=&#8221;default&#8221; custom_margin=&#8221;|||0px||&#8221; custom_padding=&#8221;||0px|||&#8221; hover_enabled=&#8221;0&#8243; global_colors_info=&#8221;{}&#8221; sticky_enabled=&#8221;0&#8243;][/et_pb_button][et_pb_button button_url=&#8221;https://iai.pt/web/wp-content/uploads/2024/04/Certificado_2023-1-PT01-KA120-VET-000191460_signed.pdf&#8221; url_new_window=&#8221;on&#8221; button_text=&#8221;Acreditação Erasmus+ 2024-2027&#8243; button_alignment=&#8221;center&#8221; _builder_version=&#8221;4.23.4&#8243; _module_preset=&#8221;default&#8221; custom_margin=&#8221;|||0px||&#8221; custom_padding=&#8221;||0px|||&#8221; global_colors_info=&#8221;{}&#8221;][/et_pb_button][et_pb_image src=&#8221;https://iai.pt/web/wp-content/uploads/2024/01/Plano-de-Desenvolvimento-Eramus-scaled.jpg&#8221; title_text=&#8221;Plano-de-Desenvolvimento-Eramus&#8221; url=&#8221;https://iai.pt/web/wp-content/uploads/2024/01/Plano-de-Desenvolvimento-Eramus_merged-compressed.pdf&#8221; align=&#8221;center&#8221; _builder_version=&#8221;4.16&#8243; _module_preset=&#8221;default&#8221; max_width=&#8221;68%&#8221; global_colors_info=&#8221;{}&#8221;][/et_pb_image][/et_pb_column][/et_pb_row][/et_pb_section][et_pb_section fb_built=&#8221;1&#8243; _builder_version=&#8221;4.23.4&#8243; _module_preset=&#8221;default&#8221; global_colors_info=&#8221;{}&#8221;][et_pb_row _builder_version=&#8221;4.23.4&#8243; _module_preset=&#8221;default&#8221; global_colors_info=&#8221;{}&#8221;][et_pb_column type=&#8221;4_4&#8243; _builder_version=&#8221;4.23.4&#8243; _module_preset=&#8221;default&#8221; global_colors_info=&#8221;{}&#8221;][et_pb_button button_url=&#8221;https://iai.pt/web/erasmus-2023&#8243; url_new_window=&#8221;on&#8221; button_text=&#8221;Erasmus+ 2023&#8243; _builder_version=&#8221;4.23.4&#8243; _module_preset=&#8221;default&#8221; global_colors_info=&#8221;{}&#8221;][/et_pb_button][/et_pb_column][/et_pb_row][/et_pb_section][et_pb_section fb_built=&#8221;1&#8243; admin_label=&#8221;section&#8221; _builder_version=&#8221;4.16&#8243; min_height=&#8221;3494px&#8221; custom_padding=&#8221;3px|||||&#8221; global_colors_info=&#8221;{}&#8221;][et_pb_row admin_label=&#8221;row&#8221; _builder_version=&#8221;4.16&#8243; background_size=&#8221;initial&#8221; background_position=&#8221;top_left&#8221; background_repeat=&#8221;repeat&#8221; global_colors_info=&#8221;{}&#8221;][et_pb_column type=&#8221;4_4&#8243; _builder_version=&#8221;4.16&#8243; custom_padding=&#8221;|||&#8221; global_colors_info=&#8221;{}&#8221; custom_padding__hover=&#8221;|||&#8221;][et_pb_text admin_label=&#8221;Texto&#8221; _builder_version=&#8221;4.23.4&#8243; background_size=&#8221;initial&#8221; background_position=&#8221;top_left&#8221; background_repeat=&#8221;repeat&#8221; custom_margin=&#8221;||12px|||&#8221; custom_padding=&#8221;|0px|0px|||&#8221; use_border_color=&#8221;off&#8221; border_color=&#8221;#ffffff&#8221; border_style=&#8221;solid&#8221; global_colors_info=&#8221;{}&#8221;]</p>
<h2>Notícias Erasmus+ 2024</h2>
<p>[/et_pb_text][et_pb_accordion _builder_version=&#8221;4.23.4&#8243; _module_preset=&#8221;default&#8221; min_height=&#8221;262px&#8221; global_colors_info=&#8221;{}&#8221;][et_pb_accordion_item title=&#8221;Sessão de Partilha com Ex-alunos de Erasmus&#8221; open=&#8221;on&#8221; _builder_version=&#8221;4.23.4&#8243; _module_preset=&#8221;default&#8221; global_colors_info=&#8221;{}&#8221;]</p>
<p><span style="font-weight: 400;">No dia 18 de março de 2024, alunos e ex alunos que participaram no projeto de mobilidade Erasmus, no ano letivo transato, deram o seu testemunho. Através de uma apresentação e de um podcast partilharam com toda a comunidade educativa as suas experiências pessoais e profissionais, do período em que estiveram em Itália e Malta.  De uma forma geral, todos os alunos referiram que a experiência foi bastante enriquecedora pois, para além de evoluírem profissionalmente,  tiveram ainda oportunidade de conhecer a cultura do País de destino. </span></p>
<p><img loading="lazy" decoding="async" src="https://iai.pt/web/wp-content/uploads/2024/04/DSC0038-min-scaled.jpg" width="431" height="287" alt="" class="wp-image-15360 alignnone size-full" /> <img loading="lazy" decoding="async" src="https://iai.pt/web/wp-content/uploads/2024/04/DSC0050-min-scaled.jpg" width="430" height="286" alt="" class="wp-image-15361 alignnone size-full" /><img loading="lazy" decoding="async" src="https://iai.pt/web/wp-content/uploads/2024/04/DSC0052-min-scaled.jpg" width="429" height="286" alt="" class="wp-image-15362 alignnone size-full" /> <img loading="lazy" decoding="async" src="https://iai.pt/web/wp-content/uploads/2024/04/DSC0058-min-scaled.jpg" width="428" height="285" alt="" class="wp-image-15363 alignnone size-full" /> <img loading="lazy" decoding="async" src="https://iai.pt/web/wp-content/uploads/2024/04/DSC0059-min-scaled.jpg" width="428" height="285" alt="" class="wp-image-15364 alignnone size-full" /> <img loading="lazy" decoding="async" src="https://iai.pt/web/wp-content/uploads/2024/04/DSC0066-min-scaled.jpg" width="428" height="285" alt="" class="wp-image-15365 alignnone size-full" /> <img loading="lazy" decoding="async" src="https://iai.pt/web/wp-content/uploads/2024/04/DSC0070-min-scaled.jpg" width="595" height="396" alt="" class="wp-image-15366 alignnone size-full" /> <img loading="lazy" decoding="async" src="https://iai.pt/web/wp-content/uploads/2024/04/DSC0022-min-scaled.jpg" width="263" height="395" alt="" class="wp-image-15359 alignnone size-full" /></p>
<p>[/et_pb_accordion_item][/et_pb_accordion][/et_pb_column][/et_pb_row][/et_pb_section]</p>

<p>ERASMUS+ O Programa Erasmus+ destina-se a apoiar atividades de educação, formação, juventude e desporto em todos os setores da aprendizagem ao longo da vida, com o objetivo de potenciar o desenvolvimento pessoal e profissional de todos os cidadãos, para o reforço da identidade europeia, do crescimento sustentável, da coesão social e da empregabilidade das pessoas. [&hellip;]</p>
