{"id":16097,"date":"2025-01-22T10:43:16","date_gmt":"2025-01-22T10:43:16","guid":{"rendered":"https:\/\/iai.pt\/web\/?page_id=16097"},"modified":"2025-09-26T11:02:50","modified_gmt":"2025-09-26T10:02:50","slug":"avaliacao-de-resultados-erasmus","status":"publish","type":"page","link":"https:\/\/iai.pt\/web\/avaliacao-de-resultados-erasmus","title":{"rendered":"Avalia\u00e7\u00e3o de Resultados \u2014 Erasmus+"},"content":{"rendered":"<p>[et_pb_section fb_built=&#8221;1&#8243; admin_label=&#8221;section&#8221; _builder_version=&#8221;4.16&#8243; custom_padding=&#8221;65px|50px|0px|0px||&#8221; global_colors_info=&#8221;{}&#8221;][et_pb_row column_structure=&#8221;3_5,2_5&#8243; admin_label=&#8221;row&#8221; _builder_version=&#8221;4.16&#8243; background_size=&#8221;initial&#8221; background_position=&#8221;top_left&#8221; background_repeat=&#8221;repeat&#8221; custom_margin=&#8221;|auto||60px||&#8221; global_colors_info=&#8221;{}&#8221;][et_pb_column type=&#8221;3_5&#8243; _builder_version=&#8221;4.16&#8243; custom_padding=&#8221;|||&#8221; global_colors_info=&#8221;{}&#8221; custom_padding__hover=&#8221;|||&#8221;][et_pb_text admin_label=&#8221;Texto&#8221; _builder_version=&#8221;4.16&#8243; background_size=&#8221;initial&#8221; background_position=&#8221;top_left&#8221; background_repeat=&#8221;repeat&#8221; custom_padding=&#8221;|51px||0px||&#8221; use_border_color=&#8221;off&#8221; border_color=&#8221;#ffffff&#8221; border_style=&#8221;solid&#8221; global_colors_info=&#8221;{}&#8221;]<\/p>\n<h2>Avalia\u00e7\u00e3o de Resultados \u2014 ERASMUS+\u00a0<\/h2>\n<p><span style=\"font-size: 14px;\"><\/span><\/p>\n<p>[\/et_pb_text][\/et_pb_column][et_pb_column type=&#8221;2_5&#8243; _builder_version=&#8221;4.16&#8243; custom_padding=&#8221;|||&#8221; global_colors_info=&#8221;{}&#8221; custom_padding__hover=&#8221;|||&#8221;][et_pb_image src=&#8221;https:\/\/iai.pt\/web\/wp-content\/uploads\/2023\/05\/logo_erasmus-completo.png&#8221; title_text=&#8221;logo_erasmus-completo&#8221; align=&#8221;center&#8221; _builder_version=&#8221;4.16&#8243; _module_preset=&#8221;default&#8221; module_alignment=&#8221;center&#8221; custom_padding=&#8221;||0px|||&#8221; global_colors_info=&#8221;{}&#8221;][\/et_pb_image][\/et_pb_column][\/et_pb_row][\/et_pb_section][et_pb_section fb_built=&#8221;1&#8243; admin_label=&#8221;section&#8221; _builder_version=&#8221;4.16&#8243; min_height=&#8221;519px&#8221; custom_margin=&#8221;||-61px|||&#8221; custom_padding=&#8221;3px|||||&#8221; global_colors_info=&#8221;{}&#8221;][et_pb_row admin_label=&#8221;row&#8221; _builder_version=&#8221;4.16&#8243; background_size=&#8221;initial&#8221; background_position=&#8221;top_left&#8221; background_repeat=&#8221;repeat&#8221; global_colors_info=&#8221;{}&#8221;][et_pb_column type=&#8221;4_4&#8243; _builder_version=&#8221;4.16&#8243; custom_padding=&#8221;|||&#8221; global_colors_info=&#8221;{}&#8221; custom_padding__hover=&#8221;|||&#8221;][et_pb_accordion _builder_version=&#8221;4.27.4&#8243; _module_preset=&#8221;default&#8221; min_height=&#8221;262px&#8221; hover_enabled=&#8221;0&#8243; global_colors_info=&#8221;{}&#8221; sticky_enabled=&#8221;0&#8243;][et_pb_accordion_item title=&#8221;2024\/2025&#8243; _builder_version=&#8221;4.27.4&#8243; _module_preset=&#8221;default&#8221; hover_enabled=&#8221;0&#8243; global_colors_info=&#8221;{}&#8221; open=&#8221;on&#8221; sticky_enabled=&#8221;0&#8243;]<\/p>\n<ul>\n<li><a href=\"https:\/\/iai.pt\/web\/wp-content\/uploads\/2025\/05\/aval_followup_erasmus_2024.2025_compressed.pdf\" target=\"_blank\" rel=\"noopener\">Fase de Planeamento (PDF)<\/a><\/li>\n<li><a href=\"http:\/\/iai.pt\/web\/wp-content\/uploads\/2025\/06\/aval_followup-II-erasmus_2024.2025.pdf\" target=\"_blank\" rel=\"noopener\">Avalia\u00e7\u00e3o de Seguimento &#8211; Mobilidades It\u00e1lia &#8211; 2\u00aa Fase (PDF)<\/a><\/li>\n<li><a href=\"http:\/\/iai.pt\/web\/wp-content\/uploads\/2025\/06\/aval_followup-III-erasmus_2024.2025_compressed.pdf\" target=\"_blank\" rel=\"noopener\">Avalia\u00e7\u00e3o Final &#8211; Mobilidades It\u00e1lia (PDF)<\/a><\/li>\n<li><a href=\"http:\/\/iai.pt\/web\/wp-content\/uploads\/2025\/06\/avaliacao-entidades-estagio-erasmus2025.pdf\" target=\"_blank\" rel=\"noopener\">Avalia\u00e7\u00e3o das Entidades de Est\u00e1gio &#8211; Mobilidades It\u00e1lia (PDF)<\/a><\/li>\n<\/ul>\n<p>[\/et_pb_accordion_item][et_pb_accordion_item title=&#8221;2022\/2023&#8243; open=&#8221;off&#8221; _builder_version=&#8221;4.23.4&#8243; _module_preset=&#8221;default&#8221; global_colors_info=&#8221;{}&#8221;]<\/p>\n<ul>\n<li><a href=\"https:\/\/iai.pt\/web\/fase-de-planeamento_erasmus2022-23-docx\" target=\"_blank\" rel=\"noopener noreferrer\">Fase de Planeamento (PDF)<\/a><\/li>\n<li><a href=\"https:\/\/iai.pt\/web\/avaliacao-follow-up_mobilidades-italia_erasmus2022-23-docx\" target=\"_blank\" rel=\"noopener noreferrer\">Avalia\u00e7\u00e3o de Seguimento &#8211; Mobilidades It\u00e1lia &#8211; 2\u00aa Fase\u00a0(PDF)<\/a><\/li>\n<li><a href=\"https:\/\/iai.pt\/web\/avaliacao-follow-up_mobilidades-malta_erasmus2022-23-docx\" target=\"_blank\" rel=\"noopener noreferrer\">Avalia\u00e7\u00e3o de Seguimento &#8211; Mobilidades Malta &#8211; 2\u00aa Fase\u00a0(PDF)<\/a><\/li>\n<li><a href=\"https:\/\/iai.pt\/web\/avaliacao-final_mobilidades-italia_erasmus2022-23-docx-docx\" target=\"_blank\" rel=\"noopener noreferrer\">Avalia\u00e7\u00e3o Final &#8211; Mobilidades It\u00e1lia\u00a0(PDF)<\/a><\/li>\n<li><a href=\"https:\/\/iai.pt\/web\/avaliacao-final_mobilidades-malta_erasmus2022-23-docx\" target=\"_blank\" rel=\"noopener noreferrer\">Avalia\u00e7\u00e3o Final &#8211; Mobilidades Malta\u00a0(PDF)<\/a><\/li>\n<li><a href=\"https:\/\/iai.pt\/web\/wp-content\/uploads\/2025\/02\/avaliacao-entidades-estagio-erasmus2022.2023.pdf\" target=\"_blank\" rel=\"noopener\">Avalia\u00e7\u00e3o das Entidades de Est\u00e1gio (PDF)<\/a><\/li>\n<\/ul>\n<p>[\/et_pb_accordion_item][\/et_pb_accordion][\/et_pb_column][\/et_pb_row][et_pb_row _builder_version=&#8221;4.16&#8243; _module_preset=&#8221;default&#8221; custom_padding=&#8221;24px|||||&#8221; global_colors_info=&#8221;{}&#8221;][et_pb_column type=&#8221;4_4&#8243; _builder_version=&#8221;4.16&#8243; _module_preset=&#8221;default&#8221; global_colors_info=&#8221;{}&#8221;][et_pb_text admin_label=&#8221;Texto&#8221; _builder_version=&#8221;4.16&#8243; background_size=&#8221;initial&#8221; background_position=&#8221;top_left&#8221; background_repeat=&#8221;repeat&#8221; custom_padding=&#8221;|0px||||&#8221; use_border_color=&#8221;off&#8221; border_color=&#8221;#ffffff&#8221; border_style=&#8221;solid&#8221; global_colors_info=&#8221;{}&#8221;]<\/p>\n<h2>Informa\u00e7\u00f5es de Anos Letivos Anteriores<\/h2>\n<ul><\/ul>\n<p>[\/et_pb_text][\/et_pb_column][\/et_pb_row][et_pb_row column_structure=&#8221;1_3,1_3,1_3&#8243; _builder_version=&#8221;4.16&#8243; _module_preset=&#8221;default&#8221; global_colors_info=&#8221;{}&#8221;][et_pb_column type=&#8221;1_3&#8243; _builder_version=&#8221;4.16&#8243; _module_preset=&#8221;default&#8221; global_colors_info=&#8221;{}&#8221;][et_pb_button button_url=&#8221;https:\/\/iai.pt\/web\/avaliacao-de-resultados-erasmus&#8221; button_text=&#8221;Avalia\u00e7\u00e3o de Resultados&#8221; button_alignment=&#8221;center&#8221; _builder_version=&#8221;4.23.4&#8243; _module_preset=&#8221;default&#8221; global_colors_info=&#8221;{}&#8221;][\/et_pb_button][\/et_pb_column][et_pb_column type=&#8221;1_3&#8243; _builder_version=&#8221;4.16&#8243; _module_preset=&#8221;default&#8221; global_colors_info=&#8221;{}&#8221;][et_pb_button button_url=&#8221;https:\/\/iai.pt\/web\/partilhas-erasmus&#8221; button_text=&#8221;Partilhas Erasmus+&#8221; button_alignment=&#8221;center&#8221; _builder_version=&#8221;4.23.4&#8243; _module_preset=&#8221;default&#8221; global_colors_info=&#8221;{}&#8221;][\/et_pb_button][et_pb_button button_url=&#8221;https:\/\/iai.pt\/web\/erasmus-2025&#8243; button_text=&#8221;Voltar \u00e0 P\u00e1gina Erasmus+&#8221; button_alignment=&#8221;center&#8221; _builder_version=&#8221;4.23.4&#8243; _module_preset=&#8221;default&#8221; global_colors_info=&#8221;{}&#8221;][\/et_pb_button][\/et_pb_column][et_pb_column type=&#8221;1_3&#8243; _builder_version=&#8221;4.16&#8243; _module_preset=&#8221;default&#8221; global_colors_info=&#8221;{}&#8221;][et_pb_button button_url=&#8221;https:\/\/iai.pt\/web\/noticias-erasmus&#8221; button_text=&#8221;Not\u00edcias Erasmus+&#8221; button_alignment=&#8221;center&#8221; _builder_version=&#8221;4.23.4&#8243; _module_preset=&#8221;default&#8221; global_colors_info=&#8221;{}&#8221;][\/et_pb_button][\/et_pb_column][\/et_pb_row][\/et_pb_section]<\/p>\n","protected":false},"excerpt":{"rendered":"<p>Avalia\u00e7\u00e3o de Resultados \u2014 ERASMUS+\u00a0 Fase de Planeamento (PDF) Avalia\u00e7\u00e3o de Seguimento &#8211; Mobilidades It\u00e1lia &#8211; 2\u00aa Fase (PDF) Avalia\u00e7\u00e3o Final &#8211; Mobilidades It\u00e1lia (PDF) Avalia\u00e7\u00e3o das Entidades de Est\u00e1gio &#8211; Mobilidades It\u00e1lia (PDF) Fase de Planeamento (PDF) Avalia\u00e7\u00e3o de Seguimento &#8211; Mobilidades It\u00e1lia &#8211; 2\u00aa Fase\u00a0(PDF) Avalia\u00e7\u00e3o de Seguimento &#8211; Mobilidades Malta &#8211; 2\u00aa [&hellip;]<\/p>\n","protected":false},"author":1,"featured_media":0,"parent":0,"menu_order":0,"comment_status":"closed","ping_status":"closed","template":"","meta":{"_et_pb_use_builder":"on","_et_pb_old_content":"","_et_gb_content_width":"","footnotes":""},"class_list":["post-16097","page","type-page","status-publish","hentry"],"aioseo_notices":[],"_links":{"self":[{"href":"https:\/\/iai.pt\/web\/wp-json\/wp\/v2\/pages\/16097","targetHints":{"allow":["GET"]}}],"collection":[{"href":"https:\/\/iai.pt\/web\/wp-json\/wp\/v2\/pages"}],"about":[{"href":"https:\/\/iai.pt\/web\/wp-json\/wp\/v2\/types\/page"}],"author":[{"embeddable":true,"href":"https:\/\/iai.pt\/web\/wp-json\/wp\/v2\/users\/1"}],"replies":[{"embeddable":true,"href":"https:\/\/iai.pt\/web\/wp-json\/wp\/v2\/comments?post=16097"}],"version-history":[{"count":2,"href":"https:\/\/iai.pt\/web\/wp-json\/wp\/v2\/pages\/16097\/revisions"}],"predecessor-version":[{"id":17560,"href":"https:\/\/iai.pt\/web\/wp-json\/wp\/v2\/pages\/16097\/revisions\/17560"}],"wp:attachment":[{"href":"https:\/\/iai.pt\/web\/wp-json\/wp\/v2\/media?parent=16097"}],"curies":[{"name":"wp","href":"https:\/\/api.w.org\/{rel}","templated":true}]}}

Avaliação de Resultados — Erasmus+

<p>[et_pb_section fb_built=&#8221;1&#8243; admin_label=&#8221;section&#8221; _builder_version=&#8221;4.16&#8243; custom_padding=&#8221;65px|50px|0px|0px||&#8221; global_colors_info=&#8221;{}&#8221;][et_pb_row column_structure=&#8221;3_5,2_5&#8243; admin_label=&#8221;row&#8221; _builder_version=&#8221;4.16&#8243; background_size=&#8221;initial&#8221; background_position=&#8221;top_left&#8221; background_repeat=&#8221;repeat&#8221; custom_margin=&#8221;|auto||60px||&#8221; global_colors_info=&#8221;{}&#8221;][et_pb_column type=&#8221;3_5&#8243; _builder_version=&#8221;4.16&#8243; custom_padding=&#8221;|||&#8221; global_colors_info=&#8221;{}&#8221; custom_padding__hover=&#8221;|||&#8221;][et_pb_text admin_label=&#8221;Texto&#8221; _builder_version=&#8221;4.16&#8243; background_size=&#8221;initial&#8221; background_position=&#8221;top_left&#8221; background_repeat=&#8221;repeat&#8221; custom_padding=&#8221;|51px||0px||&#8221; use_border_color=&#8221;off&#8221; border_color=&#8221;#ffffff&#8221; border_style=&#8221;solid&#8221; global_colors_info=&#8221;{}&#8221;]</p>
<h2>Avaliação de Resultados — ERASMUS+ </h2>
<p><span style="font-size: 14px;"></span></p>
<p>[/et_pb_text][/et_pb_column][et_pb_column type=&#8221;2_5&#8243; _builder_version=&#8221;4.16&#8243; custom_padding=&#8221;|||&#8221; global_colors_info=&#8221;{}&#8221; custom_padding__hover=&#8221;|||&#8221;][et_pb_image src=&#8221;https://iai.pt/web/wp-content/uploads/2023/05/logo_erasmus-completo.png&#8221; title_text=&#8221;logo_erasmus-completo&#8221; align=&#8221;center&#8221; _builder_version=&#8221;4.16&#8243; _module_preset=&#8221;default&#8221; module_alignment=&#8221;center&#8221; custom_padding=&#8221;||0px|||&#8221; global_colors_info=&#8221;{}&#8221;][/et_pb_image][/et_pb_column][/et_pb_row][/et_pb_section][et_pb_section fb_built=&#8221;1&#8243; admin_label=&#8221;section&#8221; _builder_version=&#8221;4.16&#8243; min_height=&#8221;519px&#8221; custom_margin=&#8221;||-61px|||&#8221; custom_padding=&#8221;3px|||||&#8221; global_colors_info=&#8221;{}&#8221;][et_pb_row admin_label=&#8221;row&#8221; _builder_version=&#8221;4.16&#8243; background_size=&#8221;initial&#8221; background_position=&#8221;top_left&#8221; background_repeat=&#8221;repeat&#8221; global_colors_info=&#8221;{}&#8221;][et_pb_column type=&#8221;4_4&#8243; _builder_version=&#8221;4.16&#8243; custom_padding=&#8221;|||&#8221; global_colors_info=&#8221;{}&#8221; custom_padding__hover=&#8221;|||&#8221;][et_pb_accordion _builder_version=&#8221;4.27.4&#8243; _module_preset=&#8221;default&#8221; min_height=&#8221;262px&#8221; hover_enabled=&#8221;0&#8243; global_colors_info=&#8221;{}&#8221; sticky_enabled=&#8221;0&#8243;][et_pb_accordion_item title=&#8221;2024/2025&#8243; _builder_version=&#8221;4.27.4&#8243; _module_preset=&#8221;default&#8221; hover_enabled=&#8221;0&#8243; global_colors_info=&#8221;{}&#8221; open=&#8221;on&#8221; sticky_enabled=&#8221;0&#8243;]</p>
<ul>
<li><a href="https://iai.pt/web/wp-content/uploads/2025/05/aval_followup_erasmus_2024.2025_compressed.pdf" target="_blank" rel="noopener">Fase de Planeamento (PDF)</a></li>
<li><a href="http://iai.pt/web/wp-content/uploads/2025/06/aval_followup-II-erasmus_2024.2025.pdf" target="_blank" rel="noopener">Avaliação de Seguimento &#8211; Mobilidades Itália &#8211; 2ª Fase (PDF)</a></li>
<li><a href="http://iai.pt/web/wp-content/uploads/2025/06/aval_followup-III-erasmus_2024.2025_compressed.pdf" target="_blank" rel="noopener">Avaliação Final &#8211; Mobilidades Itália (PDF)</a></li>
<li><a href="http://iai.pt/web/wp-content/uploads/2025/06/avaliacao-entidades-estagio-erasmus2025.pdf" target="_blank" rel="noopener">Avaliação das Entidades de Estágio &#8211; Mobilidades Itália (PDF)</a></li>
</ul>
<p>[/et_pb_accordion_item][et_pb_accordion_item title=&#8221;2022/2023&#8243; open=&#8221;off&#8221; _builder_version=&#8221;4.23.4&#8243; _module_preset=&#8221;default&#8221; global_colors_info=&#8221;{}&#8221;]</p>
<ul>
<li><a href="https://iai.pt/web/fase-de-planeamento_erasmus2022-23-docx" target="_blank" rel="noopener noreferrer">Fase de Planeamento (PDF)</a></li>
<li><a href="https://iai.pt/web/avaliacao-follow-up_mobilidades-italia_erasmus2022-23-docx" target="_blank" rel="noopener noreferrer">Avaliação de Seguimento &#8211; Mobilidades Itália &#8211; 2ª Fase (PDF)</a></li>
<li><a href="https://iai.pt/web/avaliacao-follow-up_mobilidades-malta_erasmus2022-23-docx" target="_blank" rel="noopener noreferrer">Avaliação de Seguimento &#8211; Mobilidades Malta &#8211; 2ª Fase (PDF)</a></li>
<li><a href="https://iai.pt/web/avaliacao-final_mobilidades-italia_erasmus2022-23-docx-docx" target="_blank" rel="noopener noreferrer">Avaliação Final &#8211; Mobilidades Itália (PDF)</a></li>
<li><a href="https://iai.pt/web/avaliacao-final_mobilidades-malta_erasmus2022-23-docx" target="_blank" rel="noopener noreferrer">Avaliação Final &#8211; Mobilidades Malta (PDF)</a></li>
<li><a href="https://iai.pt/web/wp-content/uploads/2025/02/avaliacao-entidades-estagio-erasmus2022.2023.pdf" target="_blank" rel="noopener">Avaliação das Entidades de Estágio (PDF)</a></li>
</ul>
<p>[/et_pb_accordion_item][/et_pb_accordion][/et_pb_column][/et_pb_row][et_pb_row _builder_version=&#8221;4.16&#8243; _module_preset=&#8221;default&#8221; custom_padding=&#8221;24px|||||&#8221; global_colors_info=&#8221;{}&#8221;][et_pb_column type=&#8221;4_4&#8243; _builder_version=&#8221;4.16&#8243; _module_preset=&#8221;default&#8221; global_colors_info=&#8221;{}&#8221;][et_pb_text admin_label=&#8221;Texto&#8221; _builder_version=&#8221;4.16&#8243; background_size=&#8221;initial&#8221; background_position=&#8221;top_left&#8221; background_repeat=&#8221;repeat&#8221; custom_padding=&#8221;|0px||||&#8221; use_border_color=&#8221;off&#8221; border_color=&#8221;#ffffff&#8221; border_style=&#8221;solid&#8221; global_colors_info=&#8221;{}&#8221;]</p>
<h2>Informações de Anos Letivos Anteriores</h2>
<ul></ul>
<p>[/et_pb_text][/et_pb_column][/et_pb_row][et_pb_row column_structure=&#8221;1_3,1_3,1_3&#8243; _builder_version=&#8221;4.16&#8243; _module_preset=&#8221;default&#8221; global_colors_info=&#8221;{}&#8221;][et_pb_column type=&#8221;1_3&#8243; _builder_version=&#8221;4.16&#8243; _module_preset=&#8221;default&#8221; global_colors_info=&#8221;{}&#8221;][et_pb_button button_url=&#8221;https://iai.pt/web/avaliacao-de-resultados-erasmus&#8221; button_text=&#8221;Avaliação de Resultados&#8221; button_alignment=&#8221;center&#8221; _builder_version=&#8221;4.23.4&#8243; _module_preset=&#8221;default&#8221; global_colors_info=&#8221;{}&#8221;][/et_pb_button][/et_pb_column][et_pb_column type=&#8221;1_3&#8243; _builder_version=&#8221;4.16&#8243; _module_preset=&#8221;default&#8221; global_colors_info=&#8221;{}&#8221;][et_pb_button button_url=&#8221;https://iai.pt/web/partilhas-erasmus&#8221; button_text=&#8221;Partilhas Erasmus+&#8221; button_alignment=&#8221;center&#8221; _builder_version=&#8221;4.23.4&#8243; _module_preset=&#8221;default&#8221; global_colors_info=&#8221;{}&#8221;][/et_pb_button][et_pb_button button_url=&#8221;https://iai.pt/web/erasmus-2025&#8243; button_text=&#8221;Voltar à Página Erasmus+&#8221; button_alignment=&#8221;center&#8221; _builder_version=&#8221;4.23.4&#8243; _module_preset=&#8221;default&#8221; global_colors_info=&#8221;{}&#8221;][/et_pb_button][/et_pb_column][et_pb_column type=&#8221;1_3&#8243; _builder_version=&#8221;4.16&#8243; _module_preset=&#8221;default&#8221; global_colors_info=&#8221;{}&#8221;][et_pb_button button_url=&#8221;https://iai.pt/web/noticias-erasmus&#8221; button_text=&#8221;Notícias Erasmus+&#8221; button_alignment=&#8221;center&#8221; _builder_version=&#8221;4.23.4&#8243; _module_preset=&#8221;default&#8221; global_colors_info=&#8221;{}&#8221;][/et_pb_button][/et_pb_column][/et_pb_row][/et_pb_section]</p>

<p>Avaliação de Resultados — ERASMUS+  Fase de Planeamento (PDF) Avaliação de Seguimento &#8211; Mobilidades Itália &#8211; 2ª Fase (PDF) Avaliação Final &#8211; Mobilidades Itália (PDF) Avaliação das Entidades de Estágio &#8211; Mobilidades Itália (PDF) Fase de Planeamento (PDF) Avaliação de Seguimento &#8211; Mobilidades Itália &#8211; 2ª Fase (PDF) Avaliação de Seguimento &#8211; Mobilidades Malta &#8211; 2ª [&hellip;]</p>
