{"id":16719,"date":"2025-06-26T15:19:02","date_gmt":"2025-06-26T14:19:02","guid":{"rendered":"https:\/\/iai.pt\/web\/?page_id=16719"},"modified":"2026-03-13T17:03:57","modified_gmt":"2026-03-13T17:03:57","slug":"oficinas-artisticas-iai","status":"publish","type":"page","link":"https:\/\/iai.pt\/web\/oficinas-artisticas-iai","title":{"rendered":"Oficinas Art\u00edsticas IAI"},"content":{"rendered":"<p>[et_pb_section fb_built=&#8221;1&#8243; admin_label=&#8221;section&#8221; _builder_version=&#8221;4.16&#8243; custom_margin=&#8221;34px|||||&#8221; custom_padding=&#8221;2px|||||&#8221; global_colors_info=&#8221;{}&#8221;][et_pb_row column_structure=&#8221;1_2,1_2&#8243; _builder_version=&#8221;4.16&#8243; _module_preset=&#8221;default&#8221; global_colors_info=&#8221;{}&#8221;][et_pb_column type=&#8221;1_2&#8243; _builder_version=&#8221;4.16&#8243; _module_preset=&#8221;default&#8221; global_colors_info=&#8221;{}&#8221;][et_pb_text _builder_version=&#8221;4.27.4&#8243; _module_preset=&#8221;default&#8221; custom_margin=&#8221;|6px||||&#8221; custom_padding=&#8221;|0px||||&#8221; global_colors_info=&#8221;{}&#8221;]<\/p>\n<div class=\"\" data-block=\"true\" data-editor=\"3ek0g\" data-offset-key=\"5v5d2-0-0\">\n<div data-offset-key=\"5v5d2-0-0\" class=\"_1mf _1mj\"><span data-offset-key=\"5v5d2-0-0\">\ud83d\udc30\u2728 <strong>F\u00e9rias Com Arte \u2013 Edi\u00e7\u00e3o P\u00e1scoa | Abril 2026<\/strong>\u00a0\u2728\ud83d\udc30<\/span><\/div>\n<\/div>\n<div class=\"\" data-block=\"true\" data-editor=\"3ek0g\" data-offset-key=\"8lfmc-0-0\">\n<div data-offset-key=\"8lfmc-0-0\" class=\"_1mf _1mj\"><span data-offset-key=\"8lfmc-0-0\">\u00a0<\/span><\/div>\n<div data-offset-key=\"8lfmc-0-0\" class=\"_1mf _1mj\"><span data-offset-key=\"8lfmc-0-0\"><\/span><\/div>\n<div data-offset-key=\"8lfmc-0-0\" class=\"_1mf _1mj\"><span data-offset-key=\"8lfmc-0-0\"><\/span><\/div>\n<\/div>\n<div class=\"\" data-block=\"true\" data-editor=\"3ek0g\" data-offset-key=\"ee6e2-0-0\">\n<div data-offset-key=\"ee6e2-0-0\" class=\"_1mf _1mj\"><span data-offset-key=\"ee6e2-0-0\">Nas f\u00e9rias da P\u00e1scoa, o IAI volta a abrir as portas \u00e0 criatividade com um conjunto de oficinas art\u00edsticas pensadas especialmente para <strong>crian\u00e7as dos 7 aos 11 anos e jovens dos 12 aos 16 anos<\/strong>.<\/span><\/div>\n<\/div>\n<div class=\"\" data-block=\"true\" data-editor=\"3ek0g\" data-offset-key=\"8cj5-0-0\">\n<div data-offset-key=\"8cj5-0-0\" class=\"_1mf _1mj\"><span data-offset-key=\"8cj5-0-0\">\u00a0<\/span><\/div>\n<\/div>\n<div class=\"\" data-block=\"true\" data-editor=\"3ek0g\" data-offset-key=\"3qclo-0-0\">\n<div data-offset-key=\"3qclo-0-0\" class=\"_1mf _1mj\"><span data-offset-key=\"3qclo-0-0\">Entre <strong>fotografia<\/strong>, <strong>desenho<\/strong>, <strong>joalharia<\/strong>,<strong> tecelagem<\/strong>, e <strong>express\u00e3o pl\u00e1stica<\/strong>, h\u00e1 um mundo de possibilidades para explorar t\u00e9cnicas, criar pe\u00e7as \u00fanicas e viver a arte de forma divertida e experimental.<\/span><\/div>\n<\/div>\n<div class=\"\" data-block=\"true\" data-editor=\"3ek0g\" data-offset-key=\"385ma-0-0\">\n<div data-offset-key=\"385ma-0-0\" class=\"_1mf _1mj\"><span data-offset-key=\"385ma-0-0\">\u00a0<\/span><\/div>\n<\/div>\n<div class=\"\" data-block=\"true\" data-editor=\"3ek0g\" data-offset-key=\"634t4-0-0\">\n<div data-offset-key=\"634t4-0-0\" class=\"_1mf _1mj\"><span data-offset-key=\"634t4-0-0\">\ud83d\udcc5 <strong>7, 8, 9 e 10 de abril<\/strong><\/span><\/div>\n<\/div>\n<div class=\"\" data-block=\"true\" data-editor=\"3ek0g\" data-offset-key=\"d96nd-0-0\">\n<div data-offset-key=\"d96nd-0-0\" class=\"_1mf _1mj\"><span data-offset-key=\"d96nd-0-0\">\ud83d\udd58 9h\u201312h30 \u00b7 crian\u00e7as 7\u201311<\/span><\/div>\n<\/div>\n<div class=\"\" data-block=\"true\" data-editor=\"3ek0g\" data-offset-key=\"4tn3d-0-0\">\n<div data-offset-key=\"4tn3d-0-0\" class=\"_1mf _1mj\"><span data-offset-key=\"4tn3d-0-0\">\ud83d\udd51 14h\u201317h30 \u00b7 jovens 12\u201316<\/span><\/div>\n<\/div>\n<div class=\"\" data-block=\"true\" data-editor=\"3ek0g\" data-offset-key=\"6ig7n-0-0\">\n<div data-offset-key=\"6ig7n-0-0\" class=\"_1mf _1mj\"><span data-offset-key=\"6ig7n-0-0\">\u2139\ufe0f Inscri\u00e7\u00e3o obrigat\u00f3ria<\/span><\/div>\n<\/div>\n<div class=\"\" data-block=\"true\" data-editor=\"3ek0g\" data-offset-key=\"1q1b9-0-0\">\n<div data-offset-key=\"1q1b9-0-0\" class=\"_1mf _1mj\"><span data-offset-key=\"1q1b9-0-0\">\u00a0<\/span><\/div>\n<\/div>\n<div class=\"\" data-block=\"true\" data-editor=\"3ek0g\" data-offset-key=\"36gf5-0-0\"><\/div>\n<div class=\"\" data-block=\"true\" data-editor=\"3ek0g\" data-offset-key=\"37lu2-0-0\">\n<div data-offset-key=\"37lu2-0-0\" class=\"_1mf _1mj\"><span data-offset-key=\"37lu2-0-0\"><\/span><\/div>\n<div data-offset-key=\"37lu2-0-0\" class=\"_1mf _1mj\">\n<p data-start=\"1302\" data-end=\"1416\">As vagas para as <strong data-start=\"1319\" data-end=\"1359\">F\u00e9rias Com Arte \u2014 Edi\u00e7\u00e3o P\u00e1scoa 2026<\/strong> encontram-se, neste momento, <strong data-start=\"1389\" data-end=\"1415\">totalmente preenchidas<\/strong>.<\/p>\n<p data-start=\"1418\" data-end=\"1640\">Agradecemos, com enorme carinho, todo o interesse demonstrado e a confian\u00e7a depositada no Instituto das Artes e da Imagem. \ud83d\udc9b<br data-start=\"1543\" data-end=\"1546\" \/>Foi com grande alegria que verific\u00e1mos o <strong data-start=\"1587\" data-end=\"1639\">preenchimento total das vagas em t\u00e3o pouco tempo<\/strong>.<\/p>\n<p data-start=\"1642\" data-end=\"1890\">Caso pretenda integrar a <strong data-start=\"1667\" data-end=\"1686\">lista de espera<\/strong>, dever\u00e1 enviar e-mail para <strong data-start=\"1714\" data-end=\"1736\"><a data-start=\"1716\" data-end=\"1734\" class=\"decorated-link cursor-pointer\" rel=\"noopener\">comunicacao@iai.pt,<\/a><\/strong>\u00a0indicando:<br \/>\u2022 nome do\/a participante<br data-start=\"1773\" data-end=\"1776\" \/>\u2022 faixa et\u00e1ria<br data-start=\"1790\" data-end=\"1793\" \/>\u2022 oficina ou oficinas pretendidas<br data-start=\"1826\" data-end=\"1829\" \/>\u2022 nome e contacto telef\u00f3nico do\/a Encarregado\/a de Educa\u00e7\u00e3o<\/p>\n<p data-start=\"1892\" data-end=\"1995\">\ud83d\udce9 Em caso de desist\u00eancia, os contactos em lista de espera ser\u00e3o considerados <strong data-start=\"1970\" data-end=\"1994\">por ordem de rece\u00e7\u00e3o<\/strong>.<\/p>\n<\/div>\n<\/div>\n<p data-start=\"821\" data-end=\"1040\">\n<p>[\/et_pb_text][et_pb_button button_url=&#8221;https:\/\/docs.google.com\/forms\/d\/e\/1FAIpQLSdWkeVrL6FwSJUP_7PHKn50_BjQzjJ_L2bl5jPcZwLYh3VTFw\/viewform?usp=sharing&#038;ouid=104600845642111105231&#8243; url_new_window=&#8221;on&#8221; button_text=&#8221;Inscri\u00e7\u00e3o \u2014 F\u00e9rias com Arte P\u00e1scoa 2026&#8243; _builder_version=&#8221;4.27.4&#8243; _module_preset=&#8221;default&#8221; custom_button=&#8221;on&#8221; button_text_color=&#8221;#d86c29&#8243; button_bg_color=&#8221;rgba(0,0,0,0)&#8221; button_border_width=&#8221;2px&#8221; button_border_color=&#8221;#d86c29&#8243; button_border_radius=&#8221;100px&#8221; button_letter_spacing=&#8221;0px&#8221; button_font=&#8221;||||||||&#8221; button_icon=&#8221;&#x41;||divi||400&#8243; button_icon_color=&#8221;#000000&#8243; global_colors_info=&#8221;{}&#8221;][\/et_pb_button][et_pb_text _builder_version=&#8221;4.27.4&#8243; _module_preset=&#8221;default&#8221; global_colors_info=&#8221;{}&#8221;]<\/p>\n<p>V\u00ea o programa abaixo.<\/p>\n<p>[\/et_pb_text][\/et_pb_column][et_pb_column type=&#8221;1_2&#8243; _builder_version=&#8221;4.16&#8243; _module_preset=&#8221;default&#8221; global_colors_info=&#8221;{}&#8221;][et_pb_image src=&#8221;http:\/\/iai.pt\/web\/wp-content\/uploads\/2026\/03\/POST.png&#8221; title_text=&#8221;POST&#8221; _builder_version=&#8221;4.27.4&#8243; _module_preset=&#8221;default&#8221; hover_enabled=&#8221;0&#8243; global_colors_info=&#8221;{}&#8221; sticky_enabled=&#8221;0&#8243;][\/et_pb_image][\/et_pb_column][\/et_pb_row][et_pb_row _builder_version=&#8221;4.27.4&#8243; _module_preset=&#8221;default&#8221; global_colors_info=&#8221;{}&#8221;][et_pb_column type=&#8221;4_4&#8243; _builder_version=&#8221;4.27.4&#8243; _module_preset=&#8221;default&#8221; global_colors_info=&#8221;{}&#8221;][et_pb_image src=&#8221;https:\/\/iai.pt\/web\/wp-content\/uploads\/2026\/03\/v2_flyer-verso_ferias-com-arte-scaled.png&#8221; title_text=&#8221;v2_flyer-verso_ferias-com-arte&#8221; _builder_version=&#8221;4.27.4&#8243; _module_preset=&#8221;default&#8221; global_colors_info=&#8221;{}&#8221;][\/et_pb_image][\/et_pb_column][\/et_pb_row][\/et_pb_section]<\/p>\n","protected":false},"excerpt":{"rendered":"<p>\ud83d\udc30\u2728 F\u00e9rias Com Arte \u2013 Edi\u00e7\u00e3o P\u00e1scoa | Abril 2026\u00a0\u2728\ud83d\udc30 \u00a0 Nas f\u00e9rias da P\u00e1scoa, o IAI volta a abrir as portas \u00e0 criatividade com um conjunto de oficinas art\u00edsticas pensadas especialmente para crian\u00e7as dos 7 aos 11 anos e jovens dos 12 aos 16 anos. \u00a0 Entre fotografia, desenho, joalharia, tecelagem, e express\u00e3o pl\u00e1stica, [&hellip;]<\/p>\n","protected":false},"author":1,"featured_media":0,"parent":0,"menu_order":0,"comment_status":"closed","ping_status":"closed","template":"","meta":{"_et_pb_use_builder":"on","_et_pb_old_content":"","_et_gb_content_width":"","footnotes":""},"class_list":["post-16719","page","type-page","status-publish","hentry"],"aioseo_notices":[],"_links":{"self":[{"href":"https:\/\/iai.pt\/web\/wp-json\/wp\/v2\/pages\/16719","targetHints":{"allow":["GET"]}}],"collection":[{"href":"https:\/\/iai.pt\/web\/wp-json\/wp\/v2\/pages"}],"about":[{"href":"https:\/\/iai.pt\/web\/wp-json\/wp\/v2\/types\/page"}],"author":[{"embeddable":true,"href":"https:\/\/iai.pt\/web\/wp-json\/wp\/v2\/users\/1"}],"replies":[{"embeddable":true,"href":"https:\/\/iai.pt\/web\/wp-json\/wp\/v2\/comments?post=16719"}],"version-history":[{"count":13,"href":"https:\/\/iai.pt\/web\/wp-json\/wp\/v2\/pages\/16719\/revisions"}],"predecessor-version":[{"id":18089,"href":"https:\/\/iai.pt\/web\/wp-json\/wp\/v2\/pages\/16719\/revisions\/18089"}],"wp:attachment":[{"href":"https:\/\/iai.pt\/web\/wp-json\/wp\/v2\/media?parent=16719"}],"curies":[{"name":"wp","href":"https:\/\/api.w.org\/{rel}","templated":true}]}}

Oficinas Artísticas IAI

<p>[et_pb_section fb_built=&#8221;1&#8243; admin_label=&#8221;section&#8221; _builder_version=&#8221;4.16&#8243; custom_margin=&#8221;34px|||||&#8221; custom_padding=&#8221;2px|||||&#8221; global_colors_info=&#8221;{}&#8221;][et_pb_row column_structure=&#8221;1_2,1_2&#8243; _builder_version=&#8221;4.16&#8243; _module_preset=&#8221;default&#8221; global_colors_info=&#8221;{}&#8221;][et_pb_column type=&#8221;1_2&#8243; _builder_version=&#8221;4.16&#8243; _module_preset=&#8221;default&#8221; global_colors_info=&#8221;{}&#8221;][et_pb_text _builder_version=&#8221;4.27.4&#8243; _module_preset=&#8221;default&#8221; custom_margin=&#8221;|6px||||&#8221; custom_padding=&#8221;|0px||||&#8221; global_colors_info=&#8221;{}&#8221;]</p>
<div class="" data-block="true" data-editor="3ek0g" data-offset-key="5v5d2-0-0">
<div data-offset-key="5v5d2-0-0" class="_1mf _1mj"><span data-offset-key="5v5d2-0-0">🐰✨ <strong>Férias Com Arte – Edição Páscoa | Abril 2026</strong> ✨🐰</span></div>
</div>
<div class="" data-block="true" data-editor="3ek0g" data-offset-key="8lfmc-0-0">
<div data-offset-key="8lfmc-0-0" class="_1mf _1mj"><span data-offset-key="8lfmc-0-0"> </span></div>
<div data-offset-key="8lfmc-0-0" class="_1mf _1mj"><span data-offset-key="8lfmc-0-0"></span></div>
<div data-offset-key="8lfmc-0-0" class="_1mf _1mj"><span data-offset-key="8lfmc-0-0"></span></div>
</div>
<div class="" data-block="true" data-editor="3ek0g" data-offset-key="ee6e2-0-0">
<div data-offset-key="ee6e2-0-0" class="_1mf _1mj"><span data-offset-key="ee6e2-0-0">Nas férias da Páscoa, o IAI volta a abrir as portas à criatividade com um conjunto de oficinas artísticas pensadas especialmente para <strong>crianças dos 7 aos 11 anos e jovens dos 12 aos 16 anos</strong>.</span></div>
</div>
<div class="" data-block="true" data-editor="3ek0g" data-offset-key="8cj5-0-0">
<div data-offset-key="8cj5-0-0" class="_1mf _1mj"><span data-offset-key="8cj5-0-0"> </span></div>
</div>
<div class="" data-block="true" data-editor="3ek0g" data-offset-key="3qclo-0-0">
<div data-offset-key="3qclo-0-0" class="_1mf _1mj"><span data-offset-key="3qclo-0-0">Entre <strong>fotografia</strong>, <strong>desenho</strong>, <strong>joalharia</strong>,<strong> tecelagem</strong>, e <strong>expressão plástica</strong>, há um mundo de possibilidades para explorar técnicas, criar peças únicas e viver a arte de forma divertida e experimental.</span></div>
</div>
<div class="" data-block="true" data-editor="3ek0g" data-offset-key="385ma-0-0">
<div data-offset-key="385ma-0-0" class="_1mf _1mj"><span data-offset-key="385ma-0-0"> </span></div>
</div>
<div class="" data-block="true" data-editor="3ek0g" data-offset-key="634t4-0-0">
<div data-offset-key="634t4-0-0" class="_1mf _1mj"><span data-offset-key="634t4-0-0">📅 <strong>7, 8, 9 e 10 de abril</strong></span></div>
</div>
<div class="" data-block="true" data-editor="3ek0g" data-offset-key="d96nd-0-0">
<div data-offset-key="d96nd-0-0" class="_1mf _1mj"><span data-offset-key="d96nd-0-0">🕘 9h–12h30 · crianças 7–11</span></div>
</div>
<div class="" data-block="true" data-editor="3ek0g" data-offset-key="4tn3d-0-0">
<div data-offset-key="4tn3d-0-0" class="_1mf _1mj"><span data-offset-key="4tn3d-0-0">🕑 14h–17h30 · jovens 12–16</span></div>
</div>
<div class="" data-block="true" data-editor="3ek0g" data-offset-key="6ig7n-0-0">
<div data-offset-key="6ig7n-0-0" class="_1mf _1mj"><span data-offset-key="6ig7n-0-0">ℹ️ Inscrição obrigatória</span></div>
</div>
<div class="" data-block="true" data-editor="3ek0g" data-offset-key="1q1b9-0-0">
<div data-offset-key="1q1b9-0-0" class="_1mf _1mj"><span data-offset-key="1q1b9-0-0"> </span></div>
</div>
<div class="" data-block="true" data-editor="3ek0g" data-offset-key="36gf5-0-0"></div>
<div class="" data-block="true" data-editor="3ek0g" data-offset-key="37lu2-0-0">
<div data-offset-key="37lu2-0-0" class="_1mf _1mj"><span data-offset-key="37lu2-0-0"></span></div>
<div data-offset-key="37lu2-0-0" class="_1mf _1mj">
<p data-start="1302" data-end="1416">As vagas para as <strong data-start="1319" data-end="1359">Férias Com Arte — Edição Páscoa 2026</strong> encontram-se, neste momento, <strong data-start="1389" data-end="1415">totalmente preenchidas</strong>.</p>
<p data-start="1418" data-end="1640">Agradecemos, com enorme carinho, todo o interesse demonstrado e a confiança depositada no Instituto das Artes e da Imagem. 💛<br data-start="1543" data-end="1546" />Foi com grande alegria que verificámos o <strong data-start="1587" data-end="1639">preenchimento total das vagas em tão pouco tempo</strong>.</p>
<p data-start="1642" data-end="1890">Caso pretenda integrar a <strong data-start="1667" data-end="1686">lista de espera</strong>, deverá enviar e-mail para <strong data-start="1714" data-end="1736"><a data-start="1716" data-end="1734" class="decorated-link cursor-pointer" rel="noopener">comunicacao@iai.pt,</a></strong> indicando:<br />• nome do/a participante<br data-start="1773" data-end="1776" />• faixa etária<br data-start="1790" data-end="1793" />• oficina ou oficinas pretendidas<br data-start="1826" data-end="1829" />• nome e contacto telefónico do/a Encarregado/a de Educação</p>
<p data-start="1892" data-end="1995">📩 Em caso de desistência, os contactos em lista de espera serão considerados <strong data-start="1970" data-end="1994">por ordem de receção</strong>.</p>
</div>
</div>
<p data-start="821" data-end="1040">
<p>[/et_pb_text][et_pb_button button_url=&#8221;https://docs.google.com/forms/d/e/1FAIpQLSdWkeVrL6FwSJUP_7PHKn50_BjQzjJ_L2bl5jPcZwLYh3VTFw/viewform?usp=sharing&#038;ouid=104600845642111105231&#8243; url_new_window=&#8221;on&#8221; button_text=&#8221;Inscrição — Férias com Arte Páscoa 2026&#8243; _builder_version=&#8221;4.27.4&#8243; _module_preset=&#8221;default&#8221; custom_button=&#8221;on&#8221; button_text_color=&#8221;#d86c29&#8243; button_bg_color=&#8221;rgba(0,0,0,0)&#8221; button_border_width=&#8221;2px&#8221; button_border_color=&#8221;#d86c29&#8243; button_border_radius=&#8221;100px&#8221; button_letter_spacing=&#8221;0px&#8221; button_font=&#8221;||||||||&#8221; button_icon=&#8221;&#x41;||divi||400&#8243; button_icon_color=&#8221;#000000&#8243; global_colors_info=&#8221;{}&#8221;][/et_pb_button][et_pb_text _builder_version=&#8221;4.27.4&#8243; _module_preset=&#8221;default&#8221; global_colors_info=&#8221;{}&#8221;]</p>
<p>Vê o programa abaixo.</p>
<p>[/et_pb_text][/et_pb_column][et_pb_column type=&#8221;1_2&#8243; _builder_version=&#8221;4.16&#8243; _module_preset=&#8221;default&#8221; global_colors_info=&#8221;{}&#8221;][et_pb_image src=&#8221;http://iai.pt/web/wp-content/uploads/2026/03/POST.png&#8221; title_text=&#8221;POST&#8221; _builder_version=&#8221;4.27.4&#8243; _module_preset=&#8221;default&#8221; hover_enabled=&#8221;0&#8243; global_colors_info=&#8221;{}&#8221; sticky_enabled=&#8221;0&#8243;][/et_pb_image][/et_pb_column][/et_pb_row][et_pb_row _builder_version=&#8221;4.27.4&#8243; _module_preset=&#8221;default&#8221; global_colors_info=&#8221;{}&#8221;][et_pb_column type=&#8221;4_4&#8243; _builder_version=&#8221;4.27.4&#8243; _module_preset=&#8221;default&#8221; global_colors_info=&#8221;{}&#8221;][et_pb_image src=&#8221;https://iai.pt/web/wp-content/uploads/2026/03/v2_flyer-verso_ferias-com-arte-scaled.png&#8221; title_text=&#8221;v2_flyer-verso_ferias-com-arte&#8221; _builder_version=&#8221;4.27.4&#8243; _module_preset=&#8221;default&#8221; global_colors_info=&#8221;{}&#8221;][/et_pb_image][/et_pb_column][/et_pb_row][/et_pb_section]</p>

<p>🐰✨ Férias Com Arte – Edição Páscoa | Abril 2026 ✨🐰   Nas férias da Páscoa, o IAI volta a abrir as portas à criatividade com um conjunto de oficinas artísticas pensadas especialmente para crianças dos 7 aos 11 anos e jovens dos 12 aos 16 anos.   Entre fotografia, desenho, joalharia, tecelagem, e expressão plástica, [&hellip;]</p>
